{"id":7138,"date":"2024-05-07T17:19:40","date_gmt":"2024-05-07T15:19:40","guid":{"rendered":"https:\/\/lescreationsde.celineinmyworldmedium.com\/?post_type=product&#038;p=7138"},"modified":"2024-05-14T10:17:09","modified_gmt":"2024-05-14T08:17:09","slug":"collier-pour-la-clairvoyance-et-la-protection-energetique-en-obsidienne-arc-en-ciel-jaspe-volcanique-et-oeil-de-fer","status":"publish","type":"product","link":"https:\/\/lescreationsde.celineinmyworldmedium.com\/index.php\/produit\/collier-pour-la-clairvoyance-et-la-protection-energetique-en-obsidienne-arc-en-ciel-jaspe-volcanique-et-oeil-de-fer\/","title":{"rendered":"Collier pour la clairvoyance et la protection \u00e9nerg\u00e9tique, en Obsidienne arc-en-ciel, Jaspe volcanique et Oeil de fer"},"content":{"rendered":"<p><em>Ce collier est unique par son pendentif. Si vous commandez ce type de collier, choisissez le pendentif qui vous conviendra<\/em> <a href=\"https:\/\/lescreationsde.celineinmyworldmedium.com\/index.php\/categorie-produit\/pendentifs-grands\/\" target=\"_blank\" rel=\"noopener\">[ici]<\/a><\/p>\n<h4>1 &#8211; Les vertus du jaspe volcanique (2) :<\/h4>\n<p><strong>Sur le domaine spirituel<\/strong>, celui de l\u2019\u00eatre humain avec ses intentions, ses buts ou ses pr\u00e9occupations existentielles :<br \/>\n<strong>Pr\u00e9caution, esprit consciencieux.<\/strong><\/p>\n<p><strong>Sur le domaine de l\u2019\u00e2me<\/strong> ou du subconscient, ainsi que les notions de temp\u00e9rament, de sentiments, de sensations, de r\u00eaves, de v\u00e9cu sur le plan animique, d\u2019habitudes et de r\u00e9actions inconscientes :<br \/>\n<strong>Stimule le septi\u00e8me sens vis-\u00e0-vis des dangers.<\/strong><\/p>\n<p><strong>Sur le domaine mental<\/strong> avec les id\u00e9es, la raison, les convictions, les consid\u00e9rations, ainsi que le mode de pens\u00e9e et d\u2019action consciente :<br \/>\n<strong>Aide \u00e0 agir calmement, rapidement et r\u00e9solument dans les situations critiques.<\/strong><\/p>\n<p><strong>Sur le domaine physique<\/strong> ou corporel, l\u2019ensemble de l\u2019organisme avec les sens, les organes et les fonctions :<br \/>\n<strong>Stimule la purification du tissu conjonctif, de la lymphe et du sang, active la rate, le foie, les reins et l\u2019intestin.<\/strong><\/p>\n<p>&nbsp;<\/p>\n<h4>2 &#8211; Les vertus de l\u2019obsidienne arc-en-ciel (oeil-c\u00e9leste) :<\/h4>\n<p><strong>Sur le domaine spirituel<\/strong>, celui de l\u2019\u00eatre humain avec ses intentions, ses buts ou ses pr\u00e9occupations existentielles :<br \/>\n<strong>Clairvoyance.<\/strong><\/p>\n<p><strong>Sur le domaine de l\u2019\u00e2me<\/strong> ou du subconscient, ainsi que les notions de temp\u00e9rament, de sentiments, de sensations, de r\u00eaves, de v\u00e9cu sur le plan animique, d\u2019habitudes et de r\u00e9actions inconscientes :<br \/>\n<strong>Donne aux sentiments une profondeur insoup\u00e7onn\u00e9e, prot\u00e8ge et fortifie simultan\u00e9ment.<\/strong><\/p>\n<p><strong>Sur le domaine mental<\/strong> avec les id\u00e9es, la raison, les convictions, les consid\u00e9rations, ainsi que le mode de pens\u00e9e et d\u2019action consciente :<br \/>\n<strong>Rend ouvert, intensifie la perception et clarifie l\u2019esprit.<\/strong><\/p>\n<p><strong>Sur le domaine physique<\/strong> ou corporel, l\u2019ensemble de l\u2019organisme avec les sens, les organes et les fonctions :<br \/>\n<strong>Am\u00e9liore l\u2019irrigation sanguine, att\u00e9nue les douleurs, aide en cas de faiblesse visuelle.<\/strong><\/p>\n<p>&nbsp;<\/p>\n<h4>3 &#8211; Les vertus de l\u2019\u0153il-de-fer :<\/h4>\n<p><strong>Sur le domaine spirituel<\/strong>, celui de l\u2019\u00eatre humain avec ses intentions, ses buts ou ses pr\u00e9occupations existentielles :<br \/>\n<strong>Force de vie.<\/strong><\/p>\n<p><strong>Sur le domaine de l\u2019\u00e2me<\/strong> ou du subconscient, ainsi que les notions de temp\u00e9rament, de sentiments, de sensations, de r\u00eaves, de v\u00e9cu sur le plan animique, d\u2019habitudes et de r\u00e9actions inconscientes :<br \/>\n<strong>Aide \u00e0 d\u00e9passer les difficult\u00e9s.<\/strong><\/p>\n<p><strong>Sur le domaine mental<\/strong> avec les id\u00e9es, la raison, les convictions, les consid\u00e9rations, ainsi que le mode de pens\u00e9e et d\u2019action consciente :<br \/>\n<strong>Incite \u00e0 concr\u00e9tiser rapidement et r\u00e9solument des solutions pragmatiques.<\/strong><\/p>\n<p><strong>Sur le domaine physique<\/strong> ou corporel, l\u2019ensemble de l\u2019organisme avec les sens, les organes et les fonctions :<br \/>\n<strong>Utile en cas d\u2019\u00e9puisement, de troubles circulatoires et de manque de fer, stimule l\u2019h\u00e9matopo\u00ef\u00e8se et le transport de l\u2019oxyg\u00e8ne.<\/strong><\/p>\n","protected":false},"excerpt":{"rendered":"<table>\n<tbody>\n<tr>\n<td style=\"texte-align: left; color: gray; border: none;\"><strong>Hors frais d\u2019exp\u00e9dition<\/strong><\/td>\n<\/tr>\n<tr>\n<td style=\"texte-align: left; color: gray; border: none;\"><strong>Bijoux confectionn\u00e9s sur-mesure, sur commande<br \/>\nLes couleurs et motifs des pierres varient d&rsquo;un bijou \u00e0 un autre<br \/>\nD\u00e9lai de confection environ 30 jours<\/strong><\/td>\n<\/tr>\n<tr>\n<td style=\"texte-align: left; color: green; border: none;\"><a href=\"https:\/\/lescreationsde.celineinmyworldmedium.com\/index.php\/categorie-produit\/pendentifs-grands\/\" target=\"_blank\" rel=\"noopener\"><strong>Voir les diff\u00e9rents pendentif (grands)<\/strong><\/a><\/td>\n<\/tr>\n<tr>\n<td style=\"texte-align: left; color: green; border: none;\"><a href=\"https:\/\/lescreationsde.celineinmyworldmedium.com\/index.php\/categorie-produit\/catalogue\/accessoires\/fermoirs\/\" target=\"_blank\" rel=\"noopener\"><strong>Voir les diff\u00e9rents fermoirs<\/strong><\/a><\/td>\n<\/tr>\n<tr>\n<td style=\"texte-align: left; color: green; border: none;\"><a href=\"https:\/\/lescreationsde.celineinmyworldmedium.com\/index.php\/categorie-produit\/catalogue\/accessoires\/mousquetons\/\" target=\"_blank\" rel=\"noopener\"><strong>Voir les diff\u00e9rents mousquetons<\/strong><\/a><\/td>\n<\/tr>\n<\/tbody>\n<\/table>\n","protected":false},"featured_media":7973,"comment_status":"open","ping_status":"closed","template":"","meta":[],"product_brand":[],"product_cat":[29,52,469,645,110],"product_tag":[152,106,42,44,38,47,538,43,41,40,39,23,25,36,34,26,37,35,126,16,24,45,1639,17,33,539,953,32,697,647,27,638,22,28,149,18],"class_list":{"0":"post-7138","1":"product","2":"type-product","3":"status-publish","4":"has-post-thumbnail","6":"product_cat-colliers","7":"product_cat-jaspe-pierres","8":"product_cat-obsidienne-pierres","9":"product_cat-oeil-de-fer-pierres","10":"product_cat-boutique","11":"product_tag-amour","12":"product_tag-argent","13":"product_tag-bijou","14":"product_tag-bijou-energetique","15":"product_tag-bijoux","16":"product_tag-bijoux-anti-allergies","17":"product_tag-bijoux-antiallergies","18":"product_tag-bijoux-energetiques","19":"product_tag-bijoux-fait-main","20":"product_tag-bijoux-personnalises","21":"product_tag-bijoux-sur-mesure","22":"product_tag-boucles-doreilles","23":"product_tag-bracelet","24":"product_tag-bracelet-femme","25":"product_tag-bracelet-homme","26":"product_tag-bracelets","27":"product_tag-bracelets-femme","28":"product_tag-bracelets-homme","29":"product_tag-chakras","30":"product_tag-collier","31":"product_tag-collier-femme","32":"product_tag-collier-personnalise","33":"product_tag-collier-pour-la-clairvoyance-et-la-protection-energetique","34":"product_tag-colliers","35":"product_tag-energetique","36":"product_tag-fermoir-magnetique","37":"product_tag-jaspe-volcanique-2","38":"product_tag-lithotherapie","39":"product_tag-obsidienne-arc-en-ciel-oeil-celeste","40":"product_tag-oeil-de-fer","41":"product_tag-pierre","42":"product_tag-pierre-de-lave-plaquee-dore","43":"product_tag-pierre-semi-precieuse","44":"product_tag-pierres-naturelles","45":"product_tag-protection","46":"product_tag-sautoir","48":"first","49":"instock","50":"sold-individually","51":"shipping-taxable","52":"purchasable","53":"product-type-variable"},"yoast_head":"<!-- This site is optimized with the Yoast SEO plugin v27.2 - https:\/\/yoast.com\/product\/yoast-seo-wordpress\/ -->\n<title>Collier pour la clairvoyance en Obsidienne arc-en-ciel...<\/title>\n<meta name=\"description\" content=\"Force de vie. Utile en cas d\u2019\u00e9puisement, de troubles circulatoires et de manque de fer, stimule l\u2019h\u00e9matopo\u00ef\u00e8se et le transport de l\u2019oxyg\u00e8ne.\" \/>\n<meta name=\"robots\" content=\"index, follow, max-snippet:-1, max-image-preview:large, max-video-preview:-1\" \/>\n<link rel=\"canonical\" href=\"https:\/\/lescreationsde.celineinmyworldmedium.com\/index.php\/produit\/collier-pour-la-clairvoyance-et-la-protection-energetique-en-obsidienne-arc-en-ciel-jaspe-volcanique-et-oeil-de-fer\/\" \/>\n<meta property=\"og:locale\" content=\"fr_FR\" \/>\n<meta property=\"og:type\" content=\"article\" \/>\n<meta property=\"og:title\" content=\"Collier pour la clairvoyance en Obsidienne arc-en-ciel...\" \/>\n<meta property=\"og:description\" content=\"Force de vie. Utile en cas d\u2019\u00e9puisement, de troubles circulatoires et de manque de fer, stimule l\u2019h\u00e9matopo\u00ef\u00e8se et le transport de l\u2019oxyg\u00e8ne.\" \/>\n<meta property=\"og:url\" content=\"https:\/\/lescreationsde.celineinmyworldmedium.com\/index.php\/produit\/collier-pour-la-clairvoyance-et-la-protection-energetique-en-obsidienne-arc-en-ciel-jaspe-volcanique-et-oeil-de-fer\/\" \/>\n<meta property=\"og:site_name\" content=\"Les cr\u00e9ations de C\u00e9line Inmyworld\" \/>\n<meta property=\"article:modified_time\" content=\"2024-05-14T08:17:09+00:00\" \/>\n<meta property=\"og:image\" content=\"https:\/\/lescreationsde.celineinmyworldmedium.com\/wp-content\/uploads\/2024\/05\/Collier_pour_la_clairvoyance_et_la_protection_energetique_en_Obsidienne_arc-en-ciel_Jaspe_volcanique_et_Oeil-de-fer_vendu.jpg\" \/>\n\t<meta property=\"og:image:width\" content=\"1200\" \/>\n\t<meta property=\"og:image:height\" content=\"1600\" \/>\n\t<meta property=\"og:image:type\" content=\"image\/jpeg\" \/>\n<meta name=\"twitter:card\" content=\"summary_large_image\" \/>\n<meta name=\"twitter:label1\" content=\"Dur\u00e9e de lecture estim\u00e9e\" \/>\n\t<meta name=\"twitter:data1\" content=\"3 minutes\" \/>\n<script type=\"application\/ld+json\" class=\"yoast-schema-graph\">{\"@context\":\"https:\/\/schema.org\",\"@graph\":[{\"@type\":\"WebPage\",\"@id\":\"https:\/\/lescreationsde.celineinmyworldmedium.com\/index.php\/produit\/collier-pour-la-clairvoyance-et-la-protection-energetique-en-obsidienne-arc-en-ciel-jaspe-volcanique-et-oeil-de-fer\/\",\"url\":\"https:\/\/lescreationsde.celineinmyworldmedium.com\/index.php\/produit\/collier-pour-la-clairvoyance-et-la-protection-energetique-en-obsidienne-arc-en-ciel-jaspe-volcanique-et-oeil-de-fer\/\",\"name\":\"Collier pour la clairvoyance en Obsidienne arc-en-ciel...\",\"isPartOf\":{\"@id\":\"https:\/\/lescreationsde.celineinmyworldmedium.com\/#website\"},\"primaryImageOfPage\":{\"@id\":\"https:\/\/lescreationsde.celineinmyworldmedium.com\/index.php\/produit\/collier-pour-la-clairvoyance-et-la-protection-energetique-en-obsidienne-arc-en-ciel-jaspe-volcanique-et-oeil-de-fer\/#primaryimage\"},\"image\":{\"@id\":\"https:\/\/lescreationsde.celineinmyworldmedium.com\/index.php\/produit\/collier-pour-la-clairvoyance-et-la-protection-energetique-en-obsidienne-arc-en-ciel-jaspe-volcanique-et-oeil-de-fer\/#primaryimage\"},\"thumbnailUrl\":\"https:\/\/lescreationsde.celineinmyworldmedium.com\/wp-content\/uploads\/2024\/05\/Collier_pour_la_clairvoyance_et_la_protection_energetique_en_Obsidienne_arc-en-ciel_Jaspe_volcanique_et_Oeil-de-fer_vendu.jpg\",\"datePublished\":\"2024-05-07T15:19:40+00:00\",\"dateModified\":\"2024-05-14T08:17:09+00:00\",\"description\":\"Force de vie. Utile en cas d\u2019\u00e9puisement, de troubles circulatoires et de manque de fer, stimule l\u2019h\u00e9matopo\u00ef\u00e8se et le transport de l\u2019oxyg\u00e8ne.\",\"breadcrumb\":{\"@id\":\"https:\/\/lescreationsde.celineinmyworldmedium.com\/index.php\/produit\/collier-pour-la-clairvoyance-et-la-protection-energetique-en-obsidienne-arc-en-ciel-jaspe-volcanique-et-oeil-de-fer\/#breadcrumb\"},\"inLanguage\":\"fr-FR\",\"potentialAction\":[{\"@type\":\"ReadAction\",\"target\":[\"https:\/\/lescreationsde.celineinmyworldmedium.com\/index.php\/produit\/collier-pour-la-clairvoyance-et-la-protection-energetique-en-obsidienne-arc-en-ciel-jaspe-volcanique-et-oeil-de-fer\/\"]}]},{\"@type\":\"ImageObject\",\"inLanguage\":\"fr-FR\",\"@id\":\"https:\/\/lescreationsde.celineinmyworldmedium.com\/index.php\/produit\/collier-pour-la-clairvoyance-et-la-protection-energetique-en-obsidienne-arc-en-ciel-jaspe-volcanique-et-oeil-de-fer\/#primaryimage\",\"url\":\"https:\/\/lescreationsde.celineinmyworldmedium.com\/wp-content\/uploads\/2024\/05\/Collier_pour_la_clairvoyance_et_la_protection_energetique_en_Obsidienne_arc-en-ciel_Jaspe_volcanique_et_Oeil-de-fer_vendu.jpg\",\"contentUrl\":\"https:\/\/lescreationsde.celineinmyworldmedium.com\/wp-content\/uploads\/2024\/05\/Collier_pour_la_clairvoyance_et_la_protection_energetique_en_Obsidienne_arc-en-ciel_Jaspe_volcanique_et_Oeil-de-fer_vendu.jpg\",\"width\":1200,\"height\":1600,\"caption\":\"Collier pour la clairvoyance et la protection \u00e9nerg\u00e9tique, en Obsidienne arc-en-ciel, Jaspe volcanique et Oeil de fer\"},{\"@type\":\"BreadcrumbList\",\"@id\":\"https:\/\/lescreationsde.celineinmyworldmedium.com\/index.php\/produit\/collier-pour-la-clairvoyance-et-la-protection-energetique-en-obsidienne-arc-en-ciel-jaspe-volcanique-et-oeil-de-fer\/#breadcrumb\",\"itemListElement\":[{\"@type\":\"ListItem\",\"position\":1,\"name\":\"Accueil\",\"item\":\"https:\/\/lescreationsde.celineinmyworldmedium.com\/\"},{\"@type\":\"ListItem\",\"position\":2,\"name\":\"Produits\",\"item\":\"https:\/\/lescreationsde.celineinmyworldmedium.com\/index.php\/boutique\/\"},{\"@type\":\"ListItem\",\"position\":3,\"name\":\"Collier pour la clairvoyance et la protection \u00e9nerg\u00e9tique, en Obsidienne arc-en-ciel, Jaspe volcanique et Oeil de fer\"}]},{\"@type\":\"WebSite\",\"@id\":\"https:\/\/lescreationsde.celineinmyworldmedium.com\/#website\",\"url\":\"https:\/\/lescreationsde.celineinmyworldmedium.com\/\",\"name\":\"Les cr\u00e9ations de C\u00e9line Inmyworld\",\"description\":\"Cr\u00e9ation de bijoux personnalis\u00e9s, sur-mesure, en pierres semi-pr\u00e9cieuses de qualit\u00e9. Bracelets, boucles d&#039;oreilles, colliers, sautoirs, malas, cha\u00eenes de cheville, bagues...\u2764\",\"publisher\":{\"@id\":\"https:\/\/lescreationsde.celineinmyworldmedium.com\/#organization\"},\"potentialAction\":[{\"@type\":\"SearchAction\",\"target\":{\"@type\":\"EntryPoint\",\"urlTemplate\":\"https:\/\/lescreationsde.celineinmyworldmedium.com\/?s={search_term_string}\"},\"query-input\":{\"@type\":\"PropertyValueSpecification\",\"valueRequired\":true,\"valueName\":\"search_term_string\"}}],\"inLanguage\":\"fr-FR\"},{\"@type\":\"Organization\",\"@id\":\"https:\/\/lescreationsde.celineinmyworldmedium.com\/#organization\",\"name\":\"Les cr\u00e9ations de C\u00e9line Inmyworld\",\"url\":\"https:\/\/lescreationsde.celineinmyworldmedium.com\/\",\"logo\":{\"@type\":\"ImageObject\",\"inLanguage\":\"fr-FR\",\"@id\":\"https:\/\/lescreationsde.celineinmyworldmedium.com\/#\/schema\/logo\/image\/\",\"url\":\"https:\/\/lescreationsde.celineinmyworldmedium.com\/wp-content\/uploads\/2021\/03\/logo_creations3.png\",\"contentUrl\":\"https:\/\/lescreationsde.celineinmyworldmedium.com\/wp-content\/uploads\/2021\/03\/logo_creations3.png\",\"width\":613,\"height\":190,\"caption\":\"Les cr\u00e9ations de C\u00e9line Inmyworld\"},\"image\":{\"@id\":\"https:\/\/lescreationsde.celineinmyworldmedium.com\/#\/schema\/logo\/image\/\"}}]}<\/script>\n<!-- \/ Yoast SEO plugin. -->","yoast_head_json":{"title":"Collier pour la clairvoyance en Obsidienne arc-en-ciel...","description":"Force de vie. Utile en cas d\u2019\u00e9puisement, de troubles circulatoires et de manque de fer, stimule l\u2019h\u00e9matopo\u00ef\u00e8se et le transport de l\u2019oxyg\u00e8ne.","robots":{"index":"index","follow":"follow","max-snippet":"max-snippet:-1","max-image-preview":"max-image-preview:large","max-video-preview":"max-video-preview:-1"},"canonical":"https:\/\/lescreationsde.celineinmyworldmedium.com\/index.php\/produit\/collier-pour-la-clairvoyance-et-la-protection-energetique-en-obsidienne-arc-en-ciel-jaspe-volcanique-et-oeil-de-fer\/","og_locale":"fr_FR","og_type":"article","og_title":"Collier pour la clairvoyance en Obsidienne arc-en-ciel...","og_description":"Force de vie. Utile en cas d\u2019\u00e9puisement, de troubles circulatoires et de manque de fer, stimule l\u2019h\u00e9matopo\u00ef\u00e8se et le transport de l\u2019oxyg\u00e8ne.","og_url":"https:\/\/lescreationsde.celineinmyworldmedium.com\/index.php\/produit\/collier-pour-la-clairvoyance-et-la-protection-energetique-en-obsidienne-arc-en-ciel-jaspe-volcanique-et-oeil-de-fer\/","og_site_name":"Les cr\u00e9ations de C\u00e9line Inmyworld","article_modified_time":"2024-05-14T08:17:09+00:00","og_image":[{"width":1200,"height":1600,"url":"https:\/\/lescreationsde.celineinmyworldmedium.com\/wp-content\/uploads\/2024\/05\/Collier_pour_la_clairvoyance_et_la_protection_energetique_en_Obsidienne_arc-en-ciel_Jaspe_volcanique_et_Oeil-de-fer_vendu.jpg","type":"image\/jpeg"}],"twitter_card":"summary_large_image","twitter_misc":{"Dur\u00e9e de lecture estim\u00e9e":"3 minutes"},"schema":{"@context":"https:\/\/schema.org","@graph":[{"@type":"WebPage","@id":"https:\/\/lescreationsde.celineinmyworldmedium.com\/index.php\/produit\/collier-pour-la-clairvoyance-et-la-protection-energetique-en-obsidienne-arc-en-ciel-jaspe-volcanique-et-oeil-de-fer\/","url":"https:\/\/lescreationsde.celineinmyworldmedium.com\/index.php\/produit\/collier-pour-la-clairvoyance-et-la-protection-energetique-en-obsidienne-arc-en-ciel-jaspe-volcanique-et-oeil-de-fer\/","name":"Collier pour la clairvoyance en Obsidienne arc-en-ciel...","isPartOf":{"@id":"https:\/\/lescreationsde.celineinmyworldmedium.com\/#website"},"primaryImageOfPage":{"@id":"https:\/\/lescreationsde.celineinmyworldmedium.com\/index.php\/produit\/collier-pour-la-clairvoyance-et-la-protection-energetique-en-obsidienne-arc-en-ciel-jaspe-volcanique-et-oeil-de-fer\/#primaryimage"},"image":{"@id":"https:\/\/lescreationsde.celineinmyworldmedium.com\/index.php\/produit\/collier-pour-la-clairvoyance-et-la-protection-energetique-en-obsidienne-arc-en-ciel-jaspe-volcanique-et-oeil-de-fer\/#primaryimage"},"thumbnailUrl":"https:\/\/lescreationsde.celineinmyworldmedium.com\/wp-content\/uploads\/2024\/05\/Collier_pour_la_clairvoyance_et_la_protection_energetique_en_Obsidienne_arc-en-ciel_Jaspe_volcanique_et_Oeil-de-fer_vendu.jpg","datePublished":"2024-05-07T15:19:40+00:00","dateModified":"2024-05-14T08:17:09+00:00","description":"Force de vie. Utile en cas d\u2019\u00e9puisement, de troubles circulatoires et de manque de fer, stimule l\u2019h\u00e9matopo\u00ef\u00e8se et le transport de l\u2019oxyg\u00e8ne.","breadcrumb":{"@id":"https:\/\/lescreationsde.celineinmyworldmedium.com\/index.php\/produit\/collier-pour-la-clairvoyance-et-la-protection-energetique-en-obsidienne-arc-en-ciel-jaspe-volcanique-et-oeil-de-fer\/#breadcrumb"},"inLanguage":"fr-FR","potentialAction":[{"@type":"ReadAction","target":["https:\/\/lescreationsde.celineinmyworldmedium.com\/index.php\/produit\/collier-pour-la-clairvoyance-et-la-protection-energetique-en-obsidienne-arc-en-ciel-jaspe-volcanique-et-oeil-de-fer\/"]}]},{"@type":"ImageObject","inLanguage":"fr-FR","@id":"https:\/\/lescreationsde.celineinmyworldmedium.com\/index.php\/produit\/collier-pour-la-clairvoyance-et-la-protection-energetique-en-obsidienne-arc-en-ciel-jaspe-volcanique-et-oeil-de-fer\/#primaryimage","url":"https:\/\/lescreationsde.celineinmyworldmedium.com\/wp-content\/uploads\/2024\/05\/Collier_pour_la_clairvoyance_et_la_protection_energetique_en_Obsidienne_arc-en-ciel_Jaspe_volcanique_et_Oeil-de-fer_vendu.jpg","contentUrl":"https:\/\/lescreationsde.celineinmyworldmedium.com\/wp-content\/uploads\/2024\/05\/Collier_pour_la_clairvoyance_et_la_protection_energetique_en_Obsidienne_arc-en-ciel_Jaspe_volcanique_et_Oeil-de-fer_vendu.jpg","width":1200,"height":1600,"caption":"Collier pour la clairvoyance et la protection \u00e9nerg\u00e9tique, en Obsidienne arc-en-ciel, Jaspe volcanique et Oeil de fer"},{"@type":"BreadcrumbList","@id":"https:\/\/lescreationsde.celineinmyworldmedium.com\/index.php\/produit\/collier-pour-la-clairvoyance-et-la-protection-energetique-en-obsidienne-arc-en-ciel-jaspe-volcanique-et-oeil-de-fer\/#breadcrumb","itemListElement":[{"@type":"ListItem","position":1,"name":"Accueil","item":"https:\/\/lescreationsde.celineinmyworldmedium.com\/"},{"@type":"ListItem","position":2,"name":"Produits","item":"https:\/\/lescreationsde.celineinmyworldmedium.com\/index.php\/boutique\/"},{"@type":"ListItem","position":3,"name":"Collier pour la clairvoyance et la protection \u00e9nerg\u00e9tique, en Obsidienne arc-en-ciel, Jaspe volcanique et Oeil de fer"}]},{"@type":"WebSite","@id":"https:\/\/lescreationsde.celineinmyworldmedium.com\/#website","url":"https:\/\/lescreationsde.celineinmyworldmedium.com\/","name":"Les cr\u00e9ations de C\u00e9line Inmyworld","description":"Cr\u00e9ation de bijoux personnalis\u00e9s, sur-mesure, en pierres semi-pr\u00e9cieuses de qualit\u00e9. Bracelets, boucles d&#039;oreilles, colliers, sautoirs, malas, cha\u00eenes de cheville, bagues...\u2764","publisher":{"@id":"https:\/\/lescreationsde.celineinmyworldmedium.com\/#organization"},"potentialAction":[{"@type":"SearchAction","target":{"@type":"EntryPoint","urlTemplate":"https:\/\/lescreationsde.celineinmyworldmedium.com\/?s={search_term_string}"},"query-input":{"@type":"PropertyValueSpecification","valueRequired":true,"valueName":"search_term_string"}}],"inLanguage":"fr-FR"},{"@type":"Organization","@id":"https:\/\/lescreationsde.celineinmyworldmedium.com\/#organization","name":"Les cr\u00e9ations de C\u00e9line Inmyworld","url":"https:\/\/lescreationsde.celineinmyworldmedium.com\/","logo":{"@type":"ImageObject","inLanguage":"fr-FR","@id":"https:\/\/lescreationsde.celineinmyworldmedium.com\/#\/schema\/logo\/image\/","url":"https:\/\/lescreationsde.celineinmyworldmedium.com\/wp-content\/uploads\/2021\/03\/logo_creations3.png","contentUrl":"https:\/\/lescreationsde.celineinmyworldmedium.com\/wp-content\/uploads\/2021\/03\/logo_creations3.png","width":613,"height":190,"caption":"Les cr\u00e9ations de C\u00e9line Inmyworld"},"image":{"@id":"https:\/\/lescreationsde.celineinmyworldmedium.com\/#\/schema\/logo\/image\/"}}]}},"jetpack_sharing_enabled":true,"_links":{"self":[{"href":"https:\/\/lescreationsde.celineinmyworldmedium.com\/index.php\/wp-json\/wp\/v2\/product\/7138","targetHints":{"allow":["GET"]}}],"collection":[{"href":"https:\/\/lescreationsde.celineinmyworldmedium.com\/index.php\/wp-json\/wp\/v2\/product"}],"about":[{"href":"https:\/\/lescreationsde.celineinmyworldmedium.com\/index.php\/wp-json\/wp\/v2\/types\/product"}],"replies":[{"embeddable":true,"href":"https:\/\/lescreationsde.celineinmyworldmedium.com\/index.php\/wp-json\/wp\/v2\/comments?post=7138"}],"wp:featuredmedia":[{"embeddable":true,"href":"https:\/\/lescreationsde.celineinmyworldmedium.com\/index.php\/wp-json\/wp\/v2\/media\/7973"}],"wp:attachment":[{"href":"https:\/\/lescreationsde.celineinmyworldmedium.com\/index.php\/wp-json\/wp\/v2\/media?parent=7138"}],"wp:term":[{"taxonomy":"product_brand","embeddable":true,"href":"https:\/\/lescreationsde.celineinmyworldmedium.com\/index.php\/wp-json\/wp\/v2\/product_brand?post=7138"},{"taxonomy":"product_cat","embeddable":true,"href":"https:\/\/lescreationsde.celineinmyworldmedium.com\/index.php\/wp-json\/wp\/v2\/product_cat?post=7138"},{"taxonomy":"product_tag","embeddable":true,"href":"https:\/\/lescreationsde.celineinmyworldmedium.com\/index.php\/wp-json\/wp\/v2\/product_tag?post=7138"}],"curies":[{"name":"wp","href":"https:\/\/api.w.org\/{rel}","templated":true}]}}