{"id":2344,"date":"2021-07-20T21:45:24","date_gmt":"2021-07-20T19:45:24","guid":{"rendered":"https:\/\/lescreationsde.celineinmyworldmedium.com\/?post_type=product&#038;p=2344"},"modified":"2024-03-11T19:25:29","modified_gmt":"2024-03-11T18:25:29","slug":"collier-de-protection-en-jaspe-volcanique-obsidienne-arc-en-ciel-obsidienne-doree-lapis-lazuli-pyrite-et-cristal-de-roche","status":"publish","type":"product","link":"https:\/\/lescreationsde.celineinmyworldmedium.com\/index.php\/produit\/collier-de-protection-en-jaspe-volcanique-obsidienne-arc-en-ciel-obsidienne-doree-lapis-lazuli-pyrite-et-cristal-de-roche\/","title":{"rendered":"Collier de protection en Jaspe volcanique, Obsidienne arc-en-ciel, Obsidienne dor\u00e9e, Lapis-lazuli, Pyrite et Cristal de Roche"},"content":{"rendered":"<h4>1 &#8211; Les vertus du jaspe volcanique :<\/h4>\n<p>Domaine <strong>spirituel<\/strong>, celui de l\u2019\u00eatre humain avec ses intentions, ses buts ou ses pr\u00e9occupations existentielles :<\/p>\n<p><strong>Pr\u00e9caution, esprit consciencieux.<\/strong><\/p>\n<p>Domaine de <strong>l\u2019\u00e2me<\/strong> ou du subconscient, ainsi que les notions de temp\u00e9rament, de sentiments, de sensations, de r\u00eaves, de v\u00e9cu sur le plan animique, d\u2019habitudes et de r\u00e9actions inconscientes :<\/p>\n<p><strong>Stimule le septi\u00e8me sens vis-\u00e0-vis des dangers.<\/strong><\/p>\n<p>Domaine <strong>mental<\/strong> avec les id\u00e9es, la raison, les convictions, les consid\u00e9rations, ainsi que le mode de pens\u00e9e et d\u2019action consciente :<\/p>\n<p><strong>Aide \u00e0 agir calmement, rapidement et r\u00e9solument dans les situations critiques.<\/strong><\/p>\n<p>Domaine <strong>physique<\/strong> ou corporel, l\u2019ensemble de l\u2019organisme avec les sens, les organes et les fonctions :<\/p>\n<p><strong>Stimule la purification du tissu conjonctif, de la lymphe et du sang, active la rate, le foie, les reins et l\u2019intestin.<\/strong><\/p>\n<h4><strong>2 &#8211; Les vertus de l\u2019obsidienne arc-en-ciel (\u0153il-c\u00e9leste) :<\/strong><\/h4>\n<p>Domaine <strong>spirituel<\/strong>, celui de l\u2019\u00eatre humain avec ses intentions, ses buts ou ses pr\u00e9occupations existentielles :<\/p>\n<p><strong>Clairvoyance.<\/strong><\/p>\n<p>Domaine de <strong>l\u2019\u00e2me<\/strong> ou du subconscient, ainsi que les notions de temp\u00e9rament, de sentiments, de sensations, de r\u00eaves, de v\u00e9cu sur le plan animique, d\u2019habitudes et de r\u00e9actions inconscientes :<\/p>\n<p><strong>Donne aux sentiments une profondeur insoup\u00e7onn\u00e9e, prot\u00e8ge et fortifie simultan\u00e9ment.<\/strong><\/p>\n<p>Domaine <strong>mental<\/strong> avec les id\u00e9es, la raison, les convictions, les consid\u00e9rations, ainsi que le mode de pens\u00e9e et d\u2019action consciente :<\/p>\n<p><strong>Rend ouvert, intensifie la perception et clarifie l\u2019esprit.<\/strong><\/p>\n<p>Domaine <strong>physique<\/strong> ou corporel, l\u2019ensemble de l\u2019organisme avec les sens, les organes et les fonctions :<\/p>\n<p><strong>Am\u00e9liore l\u2019irrigation sanguine, att\u00e9nue les douleurs, aide en cas de faiblesse visuelle.<\/strong><\/p>\n<h4><strong>3 &#8211; Les vertus de l&rsquo;obsidienne dor\u00e9e :<\/strong><\/h4>\n<p>Domaine <strong>spirituel<\/strong>, celui de l\u2019\u00eatre humain avec ses intentions, ses buts ou ses pr\u00e9occupations existentielles :<\/p>\n<p><strong>Gu\u00e9rison.<\/strong><\/p>\n<p>Domaine de <strong>l\u2019\u00e2me<\/strong> ou du subconscient, ainsi que les notions de temp\u00e9rament, de sentiments, de sensations, de r\u00eaves, de v\u00e9cu sur le plan animique, d\u2019habitudes et de r\u00e9actions inconscientes :<\/p>\n<p><strong>Aide \u00e0 d\u00e9passer les cons\u00e9quences des blessures psychiques.<\/strong><\/p>\n<p>Domaine <strong>mental<\/strong> avec les id\u00e9es, la raison, les convictions, les consid\u00e9rations, ainsi que le mode de pens\u00e9e et d\u2019action consciente :<\/p>\n<p><strong>Permet d\u2019\u00e9liminer le pessimisme profond\u00e9ment enracin\u00e9.<\/strong><\/p>\n<p>Domaine <strong>physique<\/strong> ou corporel, l\u2019ensemble de l\u2019organisme avec les sens, les organes et les fonctions :<\/p>\n<p><strong>Acc\u00e9l\u00e8re la gu\u00e9rison des blessures, des plaies, des claquages, des foulures et des contusions.<\/strong><\/p>\n<h4>4 &#8211; Les vertus de lapis-lazuli :<\/h4>\n<p>Domaine <strong>spirituel<\/strong>, celui de l\u2019\u00eatre humain avec ses intentions, ses buts ou ses pr\u00e9occupations existentielles :<\/p>\n<p><strong>V\u00e9rit\u00e9.<\/strong><\/p>\n<p>Domaine de <strong>l\u2019\u00e2me<\/strong> ou du subconscient, ainsi que les notions de temp\u00e9rament, de sentiments, de sensations, de r\u00eaves, de v\u00e9cu sur le plan animique, d\u2019habitudes et de r\u00e9actions inconscientes :<\/p>\n<p><strong>Favorise l\u2019int\u00e9grit\u00e9, la dignit\u00e9, les contacts et l\u2019amiti\u00e9.<\/strong><\/p>\n<p>Domaine <strong>mental<\/strong> avec les id\u00e9es, la raison, les convictions, les consid\u00e9rations, ainsi que le mode de pens\u00e9e et d\u2019action consciente :<\/p>\n<p><strong>Contribue \u00e0 dire la v\u00e9rit\u00e9 et \u00e0 l\u2019accepter.<\/strong><\/p>\n<p>Domaine <strong>physique<\/strong> ou corporel, l\u2019ensemble de l\u2019organisme avec les sens, les organes et les fonctions :<\/p>\n<p><strong>Aide en cas de troubles de la gorge, du larynx, des cordes vocales, des nerfs et du cerveau, r\u00e9gule la thyro\u00efde.<\/strong><\/p>\n<h4><strong>5 &#8211; Les vertus de la pyrite :<\/strong><\/h4>\n<p>Domaine <strong>spirituel<\/strong>, celui de l\u2019\u00eatre humain avec ses intentions, ses buts ou ses pr\u00e9occupations existentielles :<\/p>\n<p><strong>Connaissance de soi.<\/strong><\/p>\n<p>Domaine de <strong>l\u2019\u00e2me<\/strong> ou du subconscient, ainsi que les notions de temp\u00e9rament, de sentiments, de sensations, de r\u00eaves, de v\u00e9cu sur le plan animique, d\u2019habitudes et de r\u00e9actions inconscientes :<\/p>\n<p><strong>R\u00e9v\u00e8le les secrets et les souvenirs refoul\u00e9s.<\/strong><\/p>\n<p>Domaine <strong>mental<\/strong> avec les id\u00e9es, la raison, les convictions, les consid\u00e9rations, ainsi que le mode de pens\u00e9e et d\u2019action consciente :<\/p>\n<p><strong>Rend ouvert, direct et honn\u00eate, met en lumi\u00e8re les causes de certaines situations et de certaines maladies.<\/strong><\/p>\n<p>Domaine <strong>physique<\/strong> ou corporel, l\u2019ensemble de l\u2019organisme avec les sens, les organes et les fonctions :<\/p>\n<p><strong>Stimule le foie et l\u2019intestin, favorise le d\u00e9toxication et l\u2019\u00e9limination.<\/strong><\/p>\n<p><strong>6 &#8211; Les vertus du cristal de roche :<\/strong><\/p>\n<p>Domaine <strong>spirituel<\/strong>, celui de l\u2019\u00eatre humain avec ses intentions, ses buts ou ses pr\u00e9occupations existentielles :<\/p>\n<p><strong>Recueillement.<\/strong><\/p>\n<p>Domaine de <strong>l\u2019\u00e2me<\/strong> ou du subconscient, ainsi que les notions de temp\u00e9rament, de sentiments, de sensations, de r\u00eaves, de v\u00e9cu sur le plan animique, d\u2019habitudes et de r\u00e9actions inconscientes :<\/p>\n<p><strong>Effet reconstituant, aide \u00e0 rassembler ses forces et \u00e0 \u00e9conomiser ses propres \u00e9nergies.<\/strong><\/p>\n<p>Domaine <strong>mental<\/strong> avec les id\u00e9es, la raison, les convictions, les consid\u00e9rations, ainsi que le mode de pens\u00e9e et d\u2019action consciente :<\/p>\n<p><strong>Favorise l\u2019attention tranquille et r\u00e9fl\u00e9chie.<\/strong><\/p>\n<p>Domaine <strong>physique<\/strong> ou corporel, l\u2019ensemble de l\u2019organisme avec les sens, les organes et les fonctions :<\/p>\n<p><strong>Aide \u00e0 \u00e9vacuer les exc\u00e8s d\u2019\u00e9nergie et \u00e0 faire baisser la fi\u00e8vre, nettoie l\u2019atmosph\u00e8re des pi\u00e8ces.<\/strong><\/p>\n","protected":false},"excerpt":{"rendered":"<table>\n<tbody>\n<tr>\n<td style=\"texte-align: left; color: gray; border: none;\"><strong>Hors frais d\u2019exp\u00e9dition<\/strong><\/td>\n<\/tr>\n<tr>\n<td style=\"texte-align: left; color: gray; border: none;\"><strong>Bijoux confectionn\u00e9s sur-mesure, sur commande<br \/>Les couleurs et motifs des pierres varient d&rsquo;un bijou \u00e0 un autre<br \/>D\u00e9lai de confection environ 30 jours<\/strong><\/td>\n<\/tr>\n<tr>\n<td style=\"texte-align: left; color: green; border: none;\"><a href=\"https:\/\/lescreationsde.celineinmyworldmedium.com\/index.php\/categorie-produit\/pendentifs-grands\/\" target=\"_blank\" rel=\"noopener\"><strong>Voir les diff\u00e9rents pendentif (grands)<\/strong><\/a><\/td>\n<\/tr>\n<tr>\n<td style=\"texte-align: left; color: green; border: none;\"><a href=\"https:\/\/lescreationsde.celineinmyworldmedium.com\/index.php\/categorie-produit\/catalogue\/accessoires\/fermoirs\/\" target=\"_blank\" rel=\"noopener\"><strong>Voir les diff\u00e9rents fermoirs<\/strong><\/a><\/td>\n<\/tr>\n<tr>\n<td style=\"texte-align: left; color: green; border: none;\"><a href=\"https:\/\/lescreationsde.celineinmyworldmedium.com\/index.php\/categorie-produit\/catalogue\/accessoires\/mousquetons\/\" target=\"_blank\" rel=\"noopener\"><strong>Voir les diff\u00e9rents mousquetons<\/strong><\/a><\/td>\n<\/tr>\n<\/tbody>\n<\/table>\n","protected":false},"featured_media":2346,"comment_status":"open","ping_status":"closed","template":"","meta":[],"product_brand":[],"product_cat":[29,474,52,465,469,648],"product_tag":[152,106,42,44,38,47,538,43,41,40,39,23,25,36,34,26,37,35,16,885,24,45,17,684,33,539,310,323,32,697,355,27,22,28,149,402,18],"class_list":{"0":"post-2344","1":"product","2":"type-product","3":"status-publish","4":"has-post-thumbnail","6":"product_cat-colliers","7":"product_cat-cristal-de-roche-pierres","8":"product_cat-jaspe-pierres","9":"product_cat-lapis-lazuli-pierres","10":"product_cat-obsidienne-pierres","11":"product_cat-pyrite-pierres","12":"product_tag-amour","13":"product_tag-argent","14":"product_tag-bijou","15":"product_tag-bijou-energetique","16":"product_tag-bijoux","17":"product_tag-bijoux-anti-allergies","18":"product_tag-bijoux-antiallergies","19":"product_tag-bijoux-energetiques","20":"product_tag-bijoux-fait-main","21":"product_tag-bijoux-personnalises","22":"product_tag-bijoux-sur-mesure","23":"product_tag-boucles-doreilles","24":"product_tag-bracelet","25":"product_tag-bracelet-femme","26":"product_tag-bracelet-homme","27":"product_tag-bracelets","28":"product_tag-bracelets-femme","29":"product_tag-bracelets-homme","30":"product_tag-collier","31":"product_tag-collier-de-protection","32":"product_tag-collier-femme","33":"product_tag-collier-personnalise","34":"product_tag-colliers","35":"product_tag-cristal-de-roche","36":"product_tag-energetique","37":"product_tag-fermoir-magnetique","38":"product_tag-jaspe-volcanique","39":"product_tag-lapis-lazuli","40":"product_tag-lithotherapie","41":"product_tag-obsidienne-arc-en-ciel-oeil-celeste","42":"product_tag-obsidienne-doree","43":"product_tag-pierre","44":"product_tag-pierre-semi-precieuse","45":"product_tag-pierres-naturelles","46":"product_tag-protection","47":"product_tag-pyrite","48":"product_tag-sautoir","50":"first","51":"instock","52":"sold-individually","53":"shipping-taxable","54":"purchasable","55":"product-type-variable"},"yoast_head":"<!-- This site is optimized with the Yoast SEO plugin v27.2 - https:\/\/yoast.com\/product\/yoast-seo-wordpress\/ -->\n<title>Collier de protection en Jaspe volcanique, Obsidienne arc-en-ciel...<\/title>\n<meta name=\"description\" content=\"Aide \u00e0 d\u00e9passer les cons\u00e9quences des blessures psychiques. Stimule le foie et l\u2019intestin, favorise le d\u00e9toxication et l\u2019\u00e9limination.\" \/>\n<meta name=\"robots\" content=\"index, follow, max-snippet:-1, max-image-preview:large, max-video-preview:-1\" \/>\n<link rel=\"canonical\" href=\"https:\/\/lescreationsde.celineinmyworldmedium.com\/index.php\/produit\/collier-de-protection-en-jaspe-volcanique-obsidienne-arc-en-ciel-obsidienne-doree-lapis-lazuli-pyrite-et-cristal-de-roche\/\" \/>\n<meta property=\"og:locale\" content=\"fr_FR\" \/>\n<meta property=\"og:type\" content=\"article\" \/>\n<meta property=\"og:title\" content=\"Collier de protection en Jaspe volcanique, Obsidienne arc-en-ciel...\" \/>\n<meta property=\"og:description\" content=\"Aide \u00e0 d\u00e9passer les cons\u00e9quences des blessures psychiques. Stimule le foie et l\u2019intestin, favorise le d\u00e9toxication et l\u2019\u00e9limination.\" \/>\n<meta property=\"og:url\" content=\"https:\/\/lescreationsde.celineinmyworldmedium.com\/index.php\/produit\/collier-de-protection-en-jaspe-volcanique-obsidienne-arc-en-ciel-obsidienne-doree-lapis-lazuli-pyrite-et-cristal-de-roche\/\" \/>\n<meta property=\"og:site_name\" content=\"Les cr\u00e9ations de C\u00e9line Inmyworld\" \/>\n<meta property=\"article:modified_time\" content=\"2024-03-11T18:25:29+00:00\" \/>\n<meta property=\"og:image\" content=\"https:\/\/lescreationsde.celineinmyworldmedium.com\/wp-content\/uploads\/2021\/07\/Collier_de_protection_en_Jaspe_volcanique_Obsidienne_arc-en-ciel_obsidienne_doree_Lapis-lazuli_Pyrite_et_Cristal_de_Roche.jpg\" \/>\n\t<meta property=\"og:image:width\" content=\"1637\" \/>\n\t<meta property=\"og:image:height\" content=\"2048\" \/>\n\t<meta property=\"og:image:type\" content=\"image\/jpeg\" \/>\n<meta name=\"twitter:card\" content=\"summary_large_image\" \/>\n<meta name=\"twitter:label1\" content=\"Dur\u00e9e de lecture estim\u00e9e\" \/>\n\t<meta name=\"twitter:data1\" content=\"4 minutes\" \/>\n<script type=\"application\/ld+json\" class=\"yoast-schema-graph\">{\"@context\":\"https:\/\/schema.org\",\"@graph\":[{\"@type\":\"WebPage\",\"@id\":\"https:\/\/lescreationsde.celineinmyworldmedium.com\/index.php\/produit\/collier-de-protection-en-jaspe-volcanique-obsidienne-arc-en-ciel-obsidienne-doree-lapis-lazuli-pyrite-et-cristal-de-roche\/\",\"url\":\"https:\/\/lescreationsde.celineinmyworldmedium.com\/index.php\/produit\/collier-de-protection-en-jaspe-volcanique-obsidienne-arc-en-ciel-obsidienne-doree-lapis-lazuli-pyrite-et-cristal-de-roche\/\",\"name\":\"Collier de protection en Jaspe volcanique, Obsidienne arc-en-ciel...\",\"isPartOf\":{\"@id\":\"https:\/\/lescreationsde.celineinmyworldmedium.com\/#website\"},\"primaryImageOfPage\":{\"@id\":\"https:\/\/lescreationsde.celineinmyworldmedium.com\/index.php\/produit\/collier-de-protection-en-jaspe-volcanique-obsidienne-arc-en-ciel-obsidienne-doree-lapis-lazuli-pyrite-et-cristal-de-roche\/#primaryimage\"},\"image\":{\"@id\":\"https:\/\/lescreationsde.celineinmyworldmedium.com\/index.php\/produit\/collier-de-protection-en-jaspe-volcanique-obsidienne-arc-en-ciel-obsidienne-doree-lapis-lazuli-pyrite-et-cristal-de-roche\/#primaryimage\"},\"thumbnailUrl\":\"https:\/\/lescreationsde.celineinmyworldmedium.com\/wp-content\/uploads\/2021\/07\/Collier_de_protection_en_Jaspe_volcanique_Obsidienne_arc-en-ciel_obsidienne_doree_Lapis-lazuli_Pyrite_et_Cristal_de_Roche.jpg\",\"datePublished\":\"2021-07-20T19:45:24+00:00\",\"dateModified\":\"2024-03-11T18:25:29+00:00\",\"description\":\"Aide \u00e0 d\u00e9passer les cons\u00e9quences des blessures psychiques. Stimule le foie et l\u2019intestin, favorise le d\u00e9toxication et l\u2019\u00e9limination.\",\"breadcrumb\":{\"@id\":\"https:\/\/lescreationsde.celineinmyworldmedium.com\/index.php\/produit\/collier-de-protection-en-jaspe-volcanique-obsidienne-arc-en-ciel-obsidienne-doree-lapis-lazuli-pyrite-et-cristal-de-roche\/#breadcrumb\"},\"inLanguage\":\"fr-FR\",\"potentialAction\":[{\"@type\":\"ReadAction\",\"target\":[\"https:\/\/lescreationsde.celineinmyworldmedium.com\/index.php\/produit\/collier-de-protection-en-jaspe-volcanique-obsidienne-arc-en-ciel-obsidienne-doree-lapis-lazuli-pyrite-et-cristal-de-roche\/\"]}]},{\"@type\":\"ImageObject\",\"inLanguage\":\"fr-FR\",\"@id\":\"https:\/\/lescreationsde.celineinmyworldmedium.com\/index.php\/produit\/collier-de-protection-en-jaspe-volcanique-obsidienne-arc-en-ciel-obsidienne-doree-lapis-lazuli-pyrite-et-cristal-de-roche\/#primaryimage\",\"url\":\"https:\/\/lescreationsde.celineinmyworldmedium.com\/wp-content\/uploads\/2021\/07\/Collier_de_protection_en_Jaspe_volcanique_Obsidienne_arc-en-ciel_obsidienne_doree_Lapis-lazuli_Pyrite_et_Cristal_de_Roche.jpg\",\"contentUrl\":\"https:\/\/lescreationsde.celineinmyworldmedium.com\/wp-content\/uploads\/2021\/07\/Collier_de_protection_en_Jaspe_volcanique_Obsidienne_arc-en-ciel_obsidienne_doree_Lapis-lazuli_Pyrite_et_Cristal_de_Roche.jpg\",\"width\":1637,\"height\":2048,\"caption\":\"Collier de protection en Jaspe volcanique, Obsidienne arc-en-ciel, Obsidienne dor\u00e9e, Lapis-lazuli, Pyrite et Cristal de Roche\"},{\"@type\":\"BreadcrumbList\",\"@id\":\"https:\/\/lescreationsde.celineinmyworldmedium.com\/index.php\/produit\/collier-de-protection-en-jaspe-volcanique-obsidienne-arc-en-ciel-obsidienne-doree-lapis-lazuli-pyrite-et-cristal-de-roche\/#breadcrumb\",\"itemListElement\":[{\"@type\":\"ListItem\",\"position\":1,\"name\":\"Accueil\",\"item\":\"https:\/\/lescreationsde.celineinmyworldmedium.com\/\"},{\"@type\":\"ListItem\",\"position\":2,\"name\":\"Produits\",\"item\":\"https:\/\/lescreationsde.celineinmyworldmedium.com\/index.php\/boutique\/\"},{\"@type\":\"ListItem\",\"position\":3,\"name\":\"Collier de protection en Jaspe volcanique, Obsidienne arc-en-ciel, Obsidienne dor\u00e9e, Lapis-lazuli, Pyrite et Cristal de Roche\"}]},{\"@type\":\"WebSite\",\"@id\":\"https:\/\/lescreationsde.celineinmyworldmedium.com\/#website\",\"url\":\"https:\/\/lescreationsde.celineinmyworldmedium.com\/\",\"name\":\"Les cr\u00e9ations de C\u00e9line Inmyworld\",\"description\":\"Cr\u00e9ation de bijoux personnalis\u00e9s, sur-mesure, en pierres semi-pr\u00e9cieuses de qualit\u00e9. Bracelets, boucles d&#039;oreilles, colliers, sautoirs, malas, cha\u00eenes de cheville, bagues...\u2764\",\"publisher\":{\"@id\":\"https:\/\/lescreationsde.celineinmyworldmedium.com\/#organization\"},\"potentialAction\":[{\"@type\":\"SearchAction\",\"target\":{\"@type\":\"EntryPoint\",\"urlTemplate\":\"https:\/\/lescreationsde.celineinmyworldmedium.com\/?s={search_term_string}\"},\"query-input\":{\"@type\":\"PropertyValueSpecification\",\"valueRequired\":true,\"valueName\":\"search_term_string\"}}],\"inLanguage\":\"fr-FR\"},{\"@type\":\"Organization\",\"@id\":\"https:\/\/lescreationsde.celineinmyworldmedium.com\/#organization\",\"name\":\"Les cr\u00e9ations de C\u00e9line Inmyworld\",\"url\":\"https:\/\/lescreationsde.celineinmyworldmedium.com\/\",\"logo\":{\"@type\":\"ImageObject\",\"inLanguage\":\"fr-FR\",\"@id\":\"https:\/\/lescreationsde.celineinmyworldmedium.com\/#\/schema\/logo\/image\/\",\"url\":\"https:\/\/lescreationsde.celineinmyworldmedium.com\/wp-content\/uploads\/2021\/03\/logo_creations3.png\",\"contentUrl\":\"https:\/\/lescreationsde.celineinmyworldmedium.com\/wp-content\/uploads\/2021\/03\/logo_creations3.png\",\"width\":613,\"height\":190,\"caption\":\"Les cr\u00e9ations de C\u00e9line Inmyworld\"},\"image\":{\"@id\":\"https:\/\/lescreationsde.celineinmyworldmedium.com\/#\/schema\/logo\/image\/\"}}]}<\/script>\n<!-- \/ Yoast SEO plugin. -->","yoast_head_json":{"title":"Collier de protection en Jaspe volcanique, Obsidienne arc-en-ciel...","description":"Aide \u00e0 d\u00e9passer les cons\u00e9quences des blessures psychiques. Stimule le foie et l\u2019intestin, favorise le d\u00e9toxication et l\u2019\u00e9limination.","robots":{"index":"index","follow":"follow","max-snippet":"max-snippet:-1","max-image-preview":"max-image-preview:large","max-video-preview":"max-video-preview:-1"},"canonical":"https:\/\/lescreationsde.celineinmyworldmedium.com\/index.php\/produit\/collier-de-protection-en-jaspe-volcanique-obsidienne-arc-en-ciel-obsidienne-doree-lapis-lazuli-pyrite-et-cristal-de-roche\/","og_locale":"fr_FR","og_type":"article","og_title":"Collier de protection en Jaspe volcanique, Obsidienne arc-en-ciel...","og_description":"Aide \u00e0 d\u00e9passer les cons\u00e9quences des blessures psychiques. Stimule le foie et l\u2019intestin, favorise le d\u00e9toxication et l\u2019\u00e9limination.","og_url":"https:\/\/lescreationsde.celineinmyworldmedium.com\/index.php\/produit\/collier-de-protection-en-jaspe-volcanique-obsidienne-arc-en-ciel-obsidienne-doree-lapis-lazuli-pyrite-et-cristal-de-roche\/","og_site_name":"Les cr\u00e9ations de C\u00e9line Inmyworld","article_modified_time":"2024-03-11T18:25:29+00:00","og_image":[{"width":1637,"height":2048,"url":"https:\/\/lescreationsde.celineinmyworldmedium.com\/wp-content\/uploads\/2021\/07\/Collier_de_protection_en_Jaspe_volcanique_Obsidienne_arc-en-ciel_obsidienne_doree_Lapis-lazuli_Pyrite_et_Cristal_de_Roche.jpg","type":"image\/jpeg"}],"twitter_card":"summary_large_image","twitter_misc":{"Dur\u00e9e de lecture estim\u00e9e":"4 minutes"},"schema":{"@context":"https:\/\/schema.org","@graph":[{"@type":"WebPage","@id":"https:\/\/lescreationsde.celineinmyworldmedium.com\/index.php\/produit\/collier-de-protection-en-jaspe-volcanique-obsidienne-arc-en-ciel-obsidienne-doree-lapis-lazuli-pyrite-et-cristal-de-roche\/","url":"https:\/\/lescreationsde.celineinmyworldmedium.com\/index.php\/produit\/collier-de-protection-en-jaspe-volcanique-obsidienne-arc-en-ciel-obsidienne-doree-lapis-lazuli-pyrite-et-cristal-de-roche\/","name":"Collier de protection en Jaspe volcanique, Obsidienne arc-en-ciel...","isPartOf":{"@id":"https:\/\/lescreationsde.celineinmyworldmedium.com\/#website"},"primaryImageOfPage":{"@id":"https:\/\/lescreationsde.celineinmyworldmedium.com\/index.php\/produit\/collier-de-protection-en-jaspe-volcanique-obsidienne-arc-en-ciel-obsidienne-doree-lapis-lazuli-pyrite-et-cristal-de-roche\/#primaryimage"},"image":{"@id":"https:\/\/lescreationsde.celineinmyworldmedium.com\/index.php\/produit\/collier-de-protection-en-jaspe-volcanique-obsidienne-arc-en-ciel-obsidienne-doree-lapis-lazuli-pyrite-et-cristal-de-roche\/#primaryimage"},"thumbnailUrl":"https:\/\/lescreationsde.celineinmyworldmedium.com\/wp-content\/uploads\/2021\/07\/Collier_de_protection_en_Jaspe_volcanique_Obsidienne_arc-en-ciel_obsidienne_doree_Lapis-lazuli_Pyrite_et_Cristal_de_Roche.jpg","datePublished":"2021-07-20T19:45:24+00:00","dateModified":"2024-03-11T18:25:29+00:00","description":"Aide \u00e0 d\u00e9passer les cons\u00e9quences des blessures psychiques. Stimule le foie et l\u2019intestin, favorise le d\u00e9toxication et l\u2019\u00e9limination.","breadcrumb":{"@id":"https:\/\/lescreationsde.celineinmyworldmedium.com\/index.php\/produit\/collier-de-protection-en-jaspe-volcanique-obsidienne-arc-en-ciel-obsidienne-doree-lapis-lazuli-pyrite-et-cristal-de-roche\/#breadcrumb"},"inLanguage":"fr-FR","potentialAction":[{"@type":"ReadAction","target":["https:\/\/lescreationsde.celineinmyworldmedium.com\/index.php\/produit\/collier-de-protection-en-jaspe-volcanique-obsidienne-arc-en-ciel-obsidienne-doree-lapis-lazuli-pyrite-et-cristal-de-roche\/"]}]},{"@type":"ImageObject","inLanguage":"fr-FR","@id":"https:\/\/lescreationsde.celineinmyworldmedium.com\/index.php\/produit\/collier-de-protection-en-jaspe-volcanique-obsidienne-arc-en-ciel-obsidienne-doree-lapis-lazuli-pyrite-et-cristal-de-roche\/#primaryimage","url":"https:\/\/lescreationsde.celineinmyworldmedium.com\/wp-content\/uploads\/2021\/07\/Collier_de_protection_en_Jaspe_volcanique_Obsidienne_arc-en-ciel_obsidienne_doree_Lapis-lazuli_Pyrite_et_Cristal_de_Roche.jpg","contentUrl":"https:\/\/lescreationsde.celineinmyworldmedium.com\/wp-content\/uploads\/2021\/07\/Collier_de_protection_en_Jaspe_volcanique_Obsidienne_arc-en-ciel_obsidienne_doree_Lapis-lazuli_Pyrite_et_Cristal_de_Roche.jpg","width":1637,"height":2048,"caption":"Collier de protection en Jaspe volcanique, Obsidienne arc-en-ciel, Obsidienne dor\u00e9e, Lapis-lazuli, Pyrite et Cristal de Roche"},{"@type":"BreadcrumbList","@id":"https:\/\/lescreationsde.celineinmyworldmedium.com\/index.php\/produit\/collier-de-protection-en-jaspe-volcanique-obsidienne-arc-en-ciel-obsidienne-doree-lapis-lazuli-pyrite-et-cristal-de-roche\/#breadcrumb","itemListElement":[{"@type":"ListItem","position":1,"name":"Accueil","item":"https:\/\/lescreationsde.celineinmyworldmedium.com\/"},{"@type":"ListItem","position":2,"name":"Produits","item":"https:\/\/lescreationsde.celineinmyworldmedium.com\/index.php\/boutique\/"},{"@type":"ListItem","position":3,"name":"Collier de protection en Jaspe volcanique, Obsidienne arc-en-ciel, Obsidienne dor\u00e9e, Lapis-lazuli, Pyrite et Cristal de Roche"}]},{"@type":"WebSite","@id":"https:\/\/lescreationsde.celineinmyworldmedium.com\/#website","url":"https:\/\/lescreationsde.celineinmyworldmedium.com\/","name":"Les cr\u00e9ations de C\u00e9line Inmyworld","description":"Cr\u00e9ation de bijoux personnalis\u00e9s, sur-mesure, en pierres semi-pr\u00e9cieuses de qualit\u00e9. Bracelets, boucles d&#039;oreilles, colliers, sautoirs, malas, cha\u00eenes de cheville, bagues...\u2764","publisher":{"@id":"https:\/\/lescreationsde.celineinmyworldmedium.com\/#organization"},"potentialAction":[{"@type":"SearchAction","target":{"@type":"EntryPoint","urlTemplate":"https:\/\/lescreationsde.celineinmyworldmedium.com\/?s={search_term_string}"},"query-input":{"@type":"PropertyValueSpecification","valueRequired":true,"valueName":"search_term_string"}}],"inLanguage":"fr-FR"},{"@type":"Organization","@id":"https:\/\/lescreationsde.celineinmyworldmedium.com\/#organization","name":"Les cr\u00e9ations de C\u00e9line Inmyworld","url":"https:\/\/lescreationsde.celineinmyworldmedium.com\/","logo":{"@type":"ImageObject","inLanguage":"fr-FR","@id":"https:\/\/lescreationsde.celineinmyworldmedium.com\/#\/schema\/logo\/image\/","url":"https:\/\/lescreationsde.celineinmyworldmedium.com\/wp-content\/uploads\/2021\/03\/logo_creations3.png","contentUrl":"https:\/\/lescreationsde.celineinmyworldmedium.com\/wp-content\/uploads\/2021\/03\/logo_creations3.png","width":613,"height":190,"caption":"Les cr\u00e9ations de C\u00e9line Inmyworld"},"image":{"@id":"https:\/\/lescreationsde.celineinmyworldmedium.com\/#\/schema\/logo\/image\/"}}]}},"jetpack_sharing_enabled":true,"_links":{"self":[{"href":"https:\/\/lescreationsde.celineinmyworldmedium.com\/index.php\/wp-json\/wp\/v2\/product\/2344","targetHints":{"allow":["GET"]}}],"collection":[{"href":"https:\/\/lescreationsde.celineinmyworldmedium.com\/index.php\/wp-json\/wp\/v2\/product"}],"about":[{"href":"https:\/\/lescreationsde.celineinmyworldmedium.com\/index.php\/wp-json\/wp\/v2\/types\/product"}],"replies":[{"embeddable":true,"href":"https:\/\/lescreationsde.celineinmyworldmedium.com\/index.php\/wp-json\/wp\/v2\/comments?post=2344"}],"wp:featuredmedia":[{"embeddable":true,"href":"https:\/\/lescreationsde.celineinmyworldmedium.com\/index.php\/wp-json\/wp\/v2\/media\/2346"}],"wp:attachment":[{"href":"https:\/\/lescreationsde.celineinmyworldmedium.com\/index.php\/wp-json\/wp\/v2\/media?parent=2344"}],"wp:term":[{"taxonomy":"product_brand","embeddable":true,"href":"https:\/\/lescreationsde.celineinmyworldmedium.com\/index.php\/wp-json\/wp\/v2\/product_brand?post=2344"},{"taxonomy":"product_cat","embeddable":true,"href":"https:\/\/lescreationsde.celineinmyworldmedium.com\/index.php\/wp-json\/wp\/v2\/product_cat?post=2344"},{"taxonomy":"product_tag","embeddable":true,"href":"https:\/\/lescreationsde.celineinmyworldmedium.com\/index.php\/wp-json\/wp\/v2\/product_tag?post=2344"}],"curies":[{"name":"wp","href":"https:\/\/api.w.org\/{rel}","templated":true}]}}