{"id":2333,"date":"2021-07-17T10:56:55","date_gmt":"2021-07-17T08:56:55","guid":{"rendered":"https:\/\/lescreationsde.celineinmyworldmedium.com\/?post_type=product&#038;p=2333"},"modified":"2024-03-11T00:18:44","modified_gmt":"2024-03-10T23:18:44","slug":"boucles-doreilles-pour-leveil-spirituel-la-motivation-et-la-joie-de-vivre-en-apatite-bleue-quartz-fraise-et-amethyste","status":"publish","type":"product","link":"https:\/\/lescreationsde.celineinmyworldmedium.com\/index.php\/produit\/boucles-doreilles-pour-leveil-spirituel-la-motivation-et-la-joie-de-vivre-en-apatite-bleue-quartz-fraise-et-amethyste\/","title":{"rendered":"Boucles d&rsquo;oreilles pour l&rsquo;\u00e9veil spirituel, la motivation et la joie de vivre, en Apatite bleue, Quartz fraise et Am\u00e9thyste"},"content":{"rendered":"<h4>1 &#8211; Les vertus de l\u2019am\u00e9thyste fonc\u00e9e :<\/h4>\n<p>Domaine <strong>spirituel<\/strong>, celui de l\u2019\u00eatre humain avec ses intentions, ses buts ou ses pr\u00e9occupations existentielles :<\/p>\n<p><strong>\u00c9veil, sens de la justice, paix int\u00e9rieure.<\/strong><\/p>\n<p>Domaine de <strong>l\u2019\u00e2me<\/strong> ou du subconscient, ainsi que les notions de temp\u00e9rament, de sentiments, de sensations, de r\u00eaves, de v\u00e9cu sur le plan animique, d\u2019habitudes et de r\u00e9actions inconscientes :<\/p>\n<p><strong>D\u00e9passement du deuil et de la perte.<\/strong><\/p>\n<p>Domaine <strong>mental<\/strong> avec les id\u00e9es, la raison, les convictions, les consid\u00e9rations, ainsi que le mode de pens\u00e9e et d\u2019action consciente :<\/p>\n<p><strong>Conscience des choses, discernement, pens\u00e9e et action constructives.<\/strong><\/p>\n<p>Domaine <strong>physique<\/strong> ou corporel, l\u2019ensemble de l\u2019organisme avec les sens, les organes et les fonctions :<\/p>\n<p><strong>Excellente pour la peau ; att\u00e9nue les douleurs et les tensions, combat l\u2019hypertension.<\/strong><\/p>\n<h4><strong>2 &#8211; <\/strong><strong>Les vertus du quartz fraise :<\/strong><\/h4>\n<p>Domaine <strong>spirituel<\/strong>, celui de l\u2019\u00eatre humain avec ses intentions, ses buts ou ses pr\u00e9occupations existentielles :<\/p>\n<p><strong>Cause et effet.<\/strong><\/p>\n<p>Domaine de <strong>l\u2019\u00e2me<\/strong> ou du subconscient, ainsi que les notions de temp\u00e9rament, de sentiments, de sensations, de r\u00eaves, de v\u00e9cu sur le plan animique, d\u2019habitudes et de r\u00e9actions inconscientes :<\/p>\n<p><strong>Aide \u00e0 ne pas trop se prendre au s\u00e9rieux, apporte plaisanterie et humour.<\/strong><\/p>\n<p>Domaine <strong>mental<\/strong> avec les id\u00e9es, la raison, les convictions, les consid\u00e9rations, ainsi que le mode de pens\u00e9e et d\u2019action consciente :<\/p>\n<p><strong>Montre comment l\u2019on cr\u00e9e soi-m\u00eame les causes de son propre malheur et de ses \u00e9checs.<\/strong><\/p>\n<p>Domaine <strong>physique<\/strong> ou corporel, l\u2019ensemble de l\u2019organisme avec les sens, les organes et les fonctions :<\/p>\n<p><strong>Soutient en cas d\u2019agitation, d\u2019oppression, de troubles circulatoires et cardiaques.<\/strong><\/p>\n<h4>3 &#8211; <strong>Les vertus de l\u2019apatite bleue :<\/strong><\/h4>\n<p>Domaine <strong>spirituel<\/strong>, celui de l\u2019\u00eatre humain avec ses intentions, ses buts ou ses pr\u00e9occupations existentielles :<\/p>\n<p><strong>Motivation.<\/strong><\/p>\n<p>Domaine de <strong>l\u2019\u00e2me<\/strong> ou du subconscient, ainsi que les notions de temp\u00e9rament, de sentiments, de sensations, de r\u00eaves, de v\u00e9cu sur le plan animique, d\u2019habitudes et de r\u00e9actions inconscientes :<\/p>\n<p><strong>Stabilise, aide en cas d\u2019\u00e9tat l\u00e9thargique apr\u00e8s un fort \u00e9puisement.<\/strong><\/p>\n<p>Domaine <strong>mental<\/strong> avec les id\u00e9es, la raison, les convictions, les consid\u00e9rations, ainsi que le mode de pens\u00e9e et d\u2019action consciente :<\/p>\n<p><strong>Favorise l\u2019autonomie et l\u2019ambition.<\/strong><\/p>\n<p>Domaine <strong>physique<\/strong> ou corporel, l\u2019ensemble de l\u2019organisme avec les sens, les organes et les fonctions :<\/p>\n<p><strong>Reconstituant, d\u00e9sacidifiant, combat le rachitisme, l\u2019arthrose, l\u2019ost\u00e9oporose et aide \u00e0 la gu\u00e9rison des fractures.<\/strong><\/p>\n<p><em>(Fabriqu\u00e9es sur crochets argent\u00e9s. Possibilit\u00e9 de les confectionner sur crochets en plastique semi-rigide antiallerg\u00e8ne.)<\/em><\/p>\n","protected":false},"excerpt":{"rendered":"<table>\n<tbody>\n<tr>\n<td style=\"texte-align: left; color: gray; border: none;\"><strong>Hors frais d\u2019exp\u00e9dition<\/strong><\/td>\n<\/tr>\n<tr>\n<td style=\"texte-align: left; color: gray; border: none;\"><strong>Bijoux confectionn\u00e9s sur-mesure, sur commande<br \/>Les couleurs et motifs des pierres varient d&rsquo;un bijou \u00e0 un autre<br \/>D\u00e9lai de confection environ 30 jours<\/strong><\/td>\n<\/tr>\n<tr>\n<td style=\"texte-align: left; color: green; border: none;\"><a href=\"https:\/\/lescreationsde.celineinmyworldmedium.com\/index.php\/categorie-produit\/catalogue\/accessoires\/crochets-boucles-doreilles\/\" target=\"_blank\" rel=\"noopener\"><strong>Voir les diff\u00e9rents crochets<\/strong><\/a><\/td>\n<\/tr>\n<\/tbody>\n<\/table>\n","protected":false},"featured_media":2335,"comment_status":"open","ping_status":"closed","template":"","meta":[],"product_brand":[],"product_cat":[48,67,591,468],"product_tag":[165,152,171,106,42,44,38,47,43,41,40,39,23,882,25,36,34,26,37,35,16,24,45,17,33,32,27,89,22,28,405],"class_list":{"0":"post-2333","1":"product","2":"type-product","3":"status-publish","4":"has-post-thumbnail","6":"product_cat-boucles-doreilles","7":"product_cat-amethyste-pierres","8":"product_cat-apatite-pierres","9":"product_cat-quartz-pierres","10":"product_tag-amethyste-foncee","11":"product_tag-amour","12":"product_tag-apatite-bleue","13":"product_tag-argent","14":"product_tag-bijou","15":"product_tag-bijou-energetique","16":"product_tag-bijoux","17":"product_tag-bijoux-anti-allergies","18":"product_tag-bijoux-energetiques","19":"product_tag-bijoux-fait-main","20":"product_tag-bijoux-personnalises","21":"product_tag-bijoux-sur-mesure","22":"product_tag-boucles-doreilles","23":"product_tag-boucles-doreilles-pour-leveil-spirituel-la-motivation-et-la-joie-de-vivre","24":"product_tag-bracelet","25":"product_tag-bracelet-femme","26":"product_tag-bracelet-homme","27":"product_tag-bracelets","28":"product_tag-bracelets-femme","29":"product_tag-bracelets-homme","30":"product_tag-collier","31":"product_tag-collier-femme","32":"product_tag-collier-personnalise","33":"product_tag-colliers","34":"product_tag-energetique","35":"product_tag-lithotherapie","36":"product_tag-pierre","37":"product_tag-pierre-naturelle","38":"product_tag-pierre-semi-precieuse","39":"product_tag-pierres-naturelles","40":"product_tag-quartz-fraise","42":"first","43":"instock","44":"shipping-taxable","45":"purchasable","46":"product-type-variable"},"yoast_head":"<!-- This site is optimized with the Yoast SEO plugin v27.2 - https:\/\/yoast.com\/product\/yoast-seo-wordpress\/ -->\n<title>Boucles d&#039;oreilles pour l&#039;\u00e9veil spirituel, la motivation et la joie de...<\/title>\n<meta name=\"description\" content=\"\u00c9veil, sens de la justice, paix int\u00e9rieure. Montre comment l\u2019on cr\u00e9e soi-m\u00eame les causes de son propre malheur et de ses \u00e9checs.\" \/>\n<meta name=\"robots\" content=\"index, follow, max-snippet:-1, max-image-preview:large, max-video-preview:-1\" \/>\n<link rel=\"canonical\" href=\"https:\/\/lescreationsde.celineinmyworldmedium.com\/index.php\/produit\/boucles-doreilles-pour-leveil-spirituel-la-motivation-et-la-joie-de-vivre-en-apatite-bleue-quartz-fraise-et-amethyste\/\" \/>\n<meta property=\"og:locale\" content=\"fr_FR\" \/>\n<meta property=\"og:type\" content=\"article\" \/>\n<meta property=\"og:title\" content=\"Boucles d&#039;oreilles pour l&#039;\u00e9veil spirituel, la motivation et la joie de...\" \/>\n<meta property=\"og:description\" content=\"\u00c9veil, sens de la justice, paix int\u00e9rieure. Montre comment l\u2019on cr\u00e9e soi-m\u00eame les causes de son propre malheur et de ses \u00e9checs.\" \/>\n<meta property=\"og:url\" content=\"https:\/\/lescreationsde.celineinmyworldmedium.com\/index.php\/produit\/boucles-doreilles-pour-leveil-spirituel-la-motivation-et-la-joie-de-vivre-en-apatite-bleue-quartz-fraise-et-amethyste\/\" \/>\n<meta property=\"og:site_name\" content=\"Les cr\u00e9ations de C\u00e9line Inmyworld\" \/>\n<meta property=\"article:modified_time\" content=\"2024-03-10T23:18:44+00:00\" \/>\n<meta property=\"og:image\" content=\"https:\/\/lescreationsde.celineinmyworldmedium.com\/wp-content\/uploads\/2021\/07\/Boucles_d-oreilles_pour_l-eveil_spirituel_la_motivation_et_la_joie_de_vivre_en_Apatite_bleue_Quartz_fraise_et_Amethyste.jpg\" \/>\n\t<meta property=\"og:image:width\" content=\"1641\" \/>\n\t<meta property=\"og:image:height\" content=\"2048\" \/>\n\t<meta property=\"og:image:type\" content=\"image\/jpeg\" \/>\n<meta name=\"twitter:card\" content=\"summary_large_image\" \/>\n<meta name=\"twitter:label1\" content=\"Dur\u00e9e de lecture estim\u00e9e\" \/>\n\t<meta name=\"twitter:data1\" content=\"2 minutes\" \/>\n<script type=\"application\/ld+json\" class=\"yoast-schema-graph\">{\"@context\":\"https:\/\/schema.org\",\"@graph\":[{\"@type\":\"WebPage\",\"@id\":\"https:\/\/lescreationsde.celineinmyworldmedium.com\/index.php\/produit\/boucles-doreilles-pour-leveil-spirituel-la-motivation-et-la-joie-de-vivre-en-apatite-bleue-quartz-fraise-et-amethyste\/\",\"url\":\"https:\/\/lescreationsde.celineinmyworldmedium.com\/index.php\/produit\/boucles-doreilles-pour-leveil-spirituel-la-motivation-et-la-joie-de-vivre-en-apatite-bleue-quartz-fraise-et-amethyste\/\",\"name\":\"Boucles d'oreilles pour l'\u00e9veil spirituel, la motivation et la joie de...\",\"isPartOf\":{\"@id\":\"https:\/\/lescreationsde.celineinmyworldmedium.com\/#website\"},\"primaryImageOfPage\":{\"@id\":\"https:\/\/lescreationsde.celineinmyworldmedium.com\/index.php\/produit\/boucles-doreilles-pour-leveil-spirituel-la-motivation-et-la-joie-de-vivre-en-apatite-bleue-quartz-fraise-et-amethyste\/#primaryimage\"},\"image\":{\"@id\":\"https:\/\/lescreationsde.celineinmyworldmedium.com\/index.php\/produit\/boucles-doreilles-pour-leveil-spirituel-la-motivation-et-la-joie-de-vivre-en-apatite-bleue-quartz-fraise-et-amethyste\/#primaryimage\"},\"thumbnailUrl\":\"https:\/\/lescreationsde.celineinmyworldmedium.com\/wp-content\/uploads\/2021\/07\/Boucles_d-oreilles_pour_l-eveil_spirituel_la_motivation_et_la_joie_de_vivre_en_Apatite_bleue_Quartz_fraise_et_Amethyste.jpg\",\"datePublished\":\"2021-07-17T08:56:55+00:00\",\"dateModified\":\"2024-03-10T23:18:44+00:00\",\"description\":\"\u00c9veil, sens de la justice, paix int\u00e9rieure. Montre comment l\u2019on cr\u00e9e soi-m\u00eame les causes de son propre malheur et de ses \u00e9checs.\",\"breadcrumb\":{\"@id\":\"https:\/\/lescreationsde.celineinmyworldmedium.com\/index.php\/produit\/boucles-doreilles-pour-leveil-spirituel-la-motivation-et-la-joie-de-vivre-en-apatite-bleue-quartz-fraise-et-amethyste\/#breadcrumb\"},\"inLanguage\":\"fr-FR\",\"potentialAction\":[{\"@type\":\"ReadAction\",\"target\":[\"https:\/\/lescreationsde.celineinmyworldmedium.com\/index.php\/produit\/boucles-doreilles-pour-leveil-spirituel-la-motivation-et-la-joie-de-vivre-en-apatite-bleue-quartz-fraise-et-amethyste\/\"]}]},{\"@type\":\"ImageObject\",\"inLanguage\":\"fr-FR\",\"@id\":\"https:\/\/lescreationsde.celineinmyworldmedium.com\/index.php\/produit\/boucles-doreilles-pour-leveil-spirituel-la-motivation-et-la-joie-de-vivre-en-apatite-bleue-quartz-fraise-et-amethyste\/#primaryimage\",\"url\":\"https:\/\/lescreationsde.celineinmyworldmedium.com\/wp-content\/uploads\/2021\/07\/Boucles_d-oreilles_pour_l-eveil_spirituel_la_motivation_et_la_joie_de_vivre_en_Apatite_bleue_Quartz_fraise_et_Amethyste.jpg\",\"contentUrl\":\"https:\/\/lescreationsde.celineinmyworldmedium.com\/wp-content\/uploads\/2021\/07\/Boucles_d-oreilles_pour_l-eveil_spirituel_la_motivation_et_la_joie_de_vivre_en_Apatite_bleue_Quartz_fraise_et_Amethyste.jpg\",\"width\":1641,\"height\":2048,\"caption\":\"Boucles d'oreilles pour l'\u00e9veil spirituel, la motivation et la joie de vivre, en Apatite bleue, Quartz fraise et Am\u00e9thyste\"},{\"@type\":\"BreadcrumbList\",\"@id\":\"https:\/\/lescreationsde.celineinmyworldmedium.com\/index.php\/produit\/boucles-doreilles-pour-leveil-spirituel-la-motivation-et-la-joie-de-vivre-en-apatite-bleue-quartz-fraise-et-amethyste\/#breadcrumb\",\"itemListElement\":[{\"@type\":\"ListItem\",\"position\":1,\"name\":\"Accueil\",\"item\":\"https:\/\/lescreationsde.celineinmyworldmedium.com\/\"},{\"@type\":\"ListItem\",\"position\":2,\"name\":\"Produits\",\"item\":\"https:\/\/lescreationsde.celineinmyworldmedium.com\/index.php\/boutique\/\"},{\"@type\":\"ListItem\",\"position\":3,\"name\":\"Boucles d&#8217;oreilles pour l&#8217;\u00e9veil spirituel, la motivation et la joie de vivre, en Apatite bleue, Quartz fraise et Am\u00e9thyste\"}]},{\"@type\":\"WebSite\",\"@id\":\"https:\/\/lescreationsde.celineinmyworldmedium.com\/#website\",\"url\":\"https:\/\/lescreationsde.celineinmyworldmedium.com\/\",\"name\":\"Les cr\u00e9ations de C\u00e9line Inmyworld\",\"description\":\"Cr\u00e9ation de bijoux personnalis\u00e9s, sur-mesure, en pierres semi-pr\u00e9cieuses de qualit\u00e9. Bracelets, boucles d&#039;oreilles, colliers, sautoirs, malas, cha\u00eenes de cheville, bagues...\u2764\",\"publisher\":{\"@id\":\"https:\/\/lescreationsde.celineinmyworldmedium.com\/#organization\"},\"potentialAction\":[{\"@type\":\"SearchAction\",\"target\":{\"@type\":\"EntryPoint\",\"urlTemplate\":\"https:\/\/lescreationsde.celineinmyworldmedium.com\/?s={search_term_string}\"},\"query-input\":{\"@type\":\"PropertyValueSpecification\",\"valueRequired\":true,\"valueName\":\"search_term_string\"}}],\"inLanguage\":\"fr-FR\"},{\"@type\":\"Organization\",\"@id\":\"https:\/\/lescreationsde.celineinmyworldmedium.com\/#organization\",\"name\":\"Les cr\u00e9ations de C\u00e9line Inmyworld\",\"url\":\"https:\/\/lescreationsde.celineinmyworldmedium.com\/\",\"logo\":{\"@type\":\"ImageObject\",\"inLanguage\":\"fr-FR\",\"@id\":\"https:\/\/lescreationsde.celineinmyworldmedium.com\/#\/schema\/logo\/image\/\",\"url\":\"https:\/\/lescreationsde.celineinmyworldmedium.com\/wp-content\/uploads\/2021\/03\/logo_creations3.png\",\"contentUrl\":\"https:\/\/lescreationsde.celineinmyworldmedium.com\/wp-content\/uploads\/2021\/03\/logo_creations3.png\",\"width\":613,\"height\":190,\"caption\":\"Les cr\u00e9ations de C\u00e9line Inmyworld\"},\"image\":{\"@id\":\"https:\/\/lescreationsde.celineinmyworldmedium.com\/#\/schema\/logo\/image\/\"}}]}<\/script>\n<!-- \/ Yoast SEO plugin. -->","yoast_head_json":{"title":"Boucles d'oreilles pour l'\u00e9veil spirituel, la motivation et la joie de...","description":"\u00c9veil, sens de la justice, paix int\u00e9rieure. Montre comment l\u2019on cr\u00e9e soi-m\u00eame les causes de son propre malheur et de ses \u00e9checs.","robots":{"index":"index","follow":"follow","max-snippet":"max-snippet:-1","max-image-preview":"max-image-preview:large","max-video-preview":"max-video-preview:-1"},"canonical":"https:\/\/lescreationsde.celineinmyworldmedium.com\/index.php\/produit\/boucles-doreilles-pour-leveil-spirituel-la-motivation-et-la-joie-de-vivre-en-apatite-bleue-quartz-fraise-et-amethyste\/","og_locale":"fr_FR","og_type":"article","og_title":"Boucles d'oreilles pour l'\u00e9veil spirituel, la motivation et la joie de...","og_description":"\u00c9veil, sens de la justice, paix int\u00e9rieure. Montre comment l\u2019on cr\u00e9e soi-m\u00eame les causes de son propre malheur et de ses \u00e9checs.","og_url":"https:\/\/lescreationsde.celineinmyworldmedium.com\/index.php\/produit\/boucles-doreilles-pour-leveil-spirituel-la-motivation-et-la-joie-de-vivre-en-apatite-bleue-quartz-fraise-et-amethyste\/","og_site_name":"Les cr\u00e9ations de C\u00e9line Inmyworld","article_modified_time":"2024-03-10T23:18:44+00:00","og_image":[{"width":1641,"height":2048,"url":"https:\/\/lescreationsde.celineinmyworldmedium.com\/wp-content\/uploads\/2021\/07\/Boucles_d-oreilles_pour_l-eveil_spirituel_la_motivation_et_la_joie_de_vivre_en_Apatite_bleue_Quartz_fraise_et_Amethyste.jpg","type":"image\/jpeg"}],"twitter_card":"summary_large_image","twitter_misc":{"Dur\u00e9e de lecture estim\u00e9e":"2 minutes"},"schema":{"@context":"https:\/\/schema.org","@graph":[{"@type":"WebPage","@id":"https:\/\/lescreationsde.celineinmyworldmedium.com\/index.php\/produit\/boucles-doreilles-pour-leveil-spirituel-la-motivation-et-la-joie-de-vivre-en-apatite-bleue-quartz-fraise-et-amethyste\/","url":"https:\/\/lescreationsde.celineinmyworldmedium.com\/index.php\/produit\/boucles-doreilles-pour-leveil-spirituel-la-motivation-et-la-joie-de-vivre-en-apatite-bleue-quartz-fraise-et-amethyste\/","name":"Boucles d'oreilles pour l'\u00e9veil spirituel, la motivation et la joie de...","isPartOf":{"@id":"https:\/\/lescreationsde.celineinmyworldmedium.com\/#website"},"primaryImageOfPage":{"@id":"https:\/\/lescreationsde.celineinmyworldmedium.com\/index.php\/produit\/boucles-doreilles-pour-leveil-spirituel-la-motivation-et-la-joie-de-vivre-en-apatite-bleue-quartz-fraise-et-amethyste\/#primaryimage"},"image":{"@id":"https:\/\/lescreationsde.celineinmyworldmedium.com\/index.php\/produit\/boucles-doreilles-pour-leveil-spirituel-la-motivation-et-la-joie-de-vivre-en-apatite-bleue-quartz-fraise-et-amethyste\/#primaryimage"},"thumbnailUrl":"https:\/\/lescreationsde.celineinmyworldmedium.com\/wp-content\/uploads\/2021\/07\/Boucles_d-oreilles_pour_l-eveil_spirituel_la_motivation_et_la_joie_de_vivre_en_Apatite_bleue_Quartz_fraise_et_Amethyste.jpg","datePublished":"2021-07-17T08:56:55+00:00","dateModified":"2024-03-10T23:18:44+00:00","description":"\u00c9veil, sens de la justice, paix int\u00e9rieure. Montre comment l\u2019on cr\u00e9e soi-m\u00eame les causes de son propre malheur et de ses \u00e9checs.","breadcrumb":{"@id":"https:\/\/lescreationsde.celineinmyworldmedium.com\/index.php\/produit\/boucles-doreilles-pour-leveil-spirituel-la-motivation-et-la-joie-de-vivre-en-apatite-bleue-quartz-fraise-et-amethyste\/#breadcrumb"},"inLanguage":"fr-FR","potentialAction":[{"@type":"ReadAction","target":["https:\/\/lescreationsde.celineinmyworldmedium.com\/index.php\/produit\/boucles-doreilles-pour-leveil-spirituel-la-motivation-et-la-joie-de-vivre-en-apatite-bleue-quartz-fraise-et-amethyste\/"]}]},{"@type":"ImageObject","inLanguage":"fr-FR","@id":"https:\/\/lescreationsde.celineinmyworldmedium.com\/index.php\/produit\/boucles-doreilles-pour-leveil-spirituel-la-motivation-et-la-joie-de-vivre-en-apatite-bleue-quartz-fraise-et-amethyste\/#primaryimage","url":"https:\/\/lescreationsde.celineinmyworldmedium.com\/wp-content\/uploads\/2021\/07\/Boucles_d-oreilles_pour_l-eveil_spirituel_la_motivation_et_la_joie_de_vivre_en_Apatite_bleue_Quartz_fraise_et_Amethyste.jpg","contentUrl":"https:\/\/lescreationsde.celineinmyworldmedium.com\/wp-content\/uploads\/2021\/07\/Boucles_d-oreilles_pour_l-eveil_spirituel_la_motivation_et_la_joie_de_vivre_en_Apatite_bleue_Quartz_fraise_et_Amethyste.jpg","width":1641,"height":2048,"caption":"Boucles d'oreilles pour l'\u00e9veil spirituel, la motivation et la joie de vivre, en Apatite bleue, Quartz fraise et Am\u00e9thyste"},{"@type":"BreadcrumbList","@id":"https:\/\/lescreationsde.celineinmyworldmedium.com\/index.php\/produit\/boucles-doreilles-pour-leveil-spirituel-la-motivation-et-la-joie-de-vivre-en-apatite-bleue-quartz-fraise-et-amethyste\/#breadcrumb","itemListElement":[{"@type":"ListItem","position":1,"name":"Accueil","item":"https:\/\/lescreationsde.celineinmyworldmedium.com\/"},{"@type":"ListItem","position":2,"name":"Produits","item":"https:\/\/lescreationsde.celineinmyworldmedium.com\/index.php\/boutique\/"},{"@type":"ListItem","position":3,"name":"Boucles d&#8217;oreilles pour l&#8217;\u00e9veil spirituel, la motivation et la joie de vivre, en Apatite bleue, Quartz fraise et Am\u00e9thyste"}]},{"@type":"WebSite","@id":"https:\/\/lescreationsde.celineinmyworldmedium.com\/#website","url":"https:\/\/lescreationsde.celineinmyworldmedium.com\/","name":"Les cr\u00e9ations de C\u00e9line Inmyworld","description":"Cr\u00e9ation de bijoux personnalis\u00e9s, sur-mesure, en pierres semi-pr\u00e9cieuses de qualit\u00e9. Bracelets, boucles d&#039;oreilles, colliers, sautoirs, malas, cha\u00eenes de cheville, bagues...\u2764","publisher":{"@id":"https:\/\/lescreationsde.celineinmyworldmedium.com\/#organization"},"potentialAction":[{"@type":"SearchAction","target":{"@type":"EntryPoint","urlTemplate":"https:\/\/lescreationsde.celineinmyworldmedium.com\/?s={search_term_string}"},"query-input":{"@type":"PropertyValueSpecification","valueRequired":true,"valueName":"search_term_string"}}],"inLanguage":"fr-FR"},{"@type":"Organization","@id":"https:\/\/lescreationsde.celineinmyworldmedium.com\/#organization","name":"Les cr\u00e9ations de C\u00e9line Inmyworld","url":"https:\/\/lescreationsde.celineinmyworldmedium.com\/","logo":{"@type":"ImageObject","inLanguage":"fr-FR","@id":"https:\/\/lescreationsde.celineinmyworldmedium.com\/#\/schema\/logo\/image\/","url":"https:\/\/lescreationsde.celineinmyworldmedium.com\/wp-content\/uploads\/2021\/03\/logo_creations3.png","contentUrl":"https:\/\/lescreationsde.celineinmyworldmedium.com\/wp-content\/uploads\/2021\/03\/logo_creations3.png","width":613,"height":190,"caption":"Les cr\u00e9ations de C\u00e9line Inmyworld"},"image":{"@id":"https:\/\/lescreationsde.celineinmyworldmedium.com\/#\/schema\/logo\/image\/"}}]}},"jetpack_sharing_enabled":true,"_links":{"self":[{"href":"https:\/\/lescreationsde.celineinmyworldmedium.com\/index.php\/wp-json\/wp\/v2\/product\/2333","targetHints":{"allow":["GET"]}}],"collection":[{"href":"https:\/\/lescreationsde.celineinmyworldmedium.com\/index.php\/wp-json\/wp\/v2\/product"}],"about":[{"href":"https:\/\/lescreationsde.celineinmyworldmedium.com\/index.php\/wp-json\/wp\/v2\/types\/product"}],"replies":[{"embeddable":true,"href":"https:\/\/lescreationsde.celineinmyworldmedium.com\/index.php\/wp-json\/wp\/v2\/comments?post=2333"}],"wp:featuredmedia":[{"embeddable":true,"href":"https:\/\/lescreationsde.celineinmyworldmedium.com\/index.php\/wp-json\/wp\/v2\/media\/2335"}],"wp:attachment":[{"href":"https:\/\/lescreationsde.celineinmyworldmedium.com\/index.php\/wp-json\/wp\/v2\/media?parent=2333"}],"wp:term":[{"taxonomy":"product_brand","embeddable":true,"href":"https:\/\/lescreationsde.celineinmyworldmedium.com\/index.php\/wp-json\/wp\/v2\/product_brand?post=2333"},{"taxonomy":"product_cat","embeddable":true,"href":"https:\/\/lescreationsde.celineinmyworldmedium.com\/index.php\/wp-json\/wp\/v2\/product_cat?post=2333"},{"taxonomy":"product_tag","embeddable":true,"href":"https:\/\/lescreationsde.celineinmyworldmedium.com\/index.php\/wp-json\/wp\/v2\/product_tag?post=2333"}],"curies":[{"name":"wp","href":"https:\/\/api.w.org\/{rel}","templated":true}]}}