{"id":2165,"date":"2021-06-13T21:50:31","date_gmt":"2021-06-13T19:50:31","guid":{"rendered":"https:\/\/lescreationsde.celineinmyworldmedium.com\/?post_type=product&#038;p=2165"},"modified":"2024-03-10T23:52:05","modified_gmt":"2024-03-10T22:52:05","slug":"bracelet-de-cheville-pour-aider-a-depasser-les-difficultes-en-oeil-de-fer-avec-fleurs-de-lotus","status":"publish","type":"product","link":"https:\/\/lescreationsde.celineinmyworldmedium.com\/index.php\/produit\/bracelet-de-cheville-pour-aider-a-depasser-les-difficultes-en-oeil-de-fer-avec-fleurs-de-lotus\/","title":{"rendered":"Bracelet de cheville pour aider \u00e0 d\u00e9passer les difficult\u00e9s, en Oeil de fer avec fleurs de Lotus"},"content":{"rendered":"<h4><strong>Les vertus de l\u2019\u0153il de fer :<\/strong><\/h4>\n<p>Domaine <strong>spirituel<\/strong>, celui de l\u2019\u00eatre humain avec ses intentions, ses buts ou ses pr\u00e9occupations existentielles :<\/p>\n<p><strong>Force de vie.<\/strong><\/p>\n<p>Domaine de <strong>l\u2019\u00e2me<\/strong> ou du subconscient, ainsi que les notions de temp\u00e9rament, de sentiments, de sensations, de r\u00eaves, de v\u00e9cu sur le plan animique, d\u2019habitudes et de r\u00e9actions inconscientes :<\/p>\n<p><strong>Aide \u00e0 d\u00e9passer les difficult\u00e9s.<\/strong><\/p>\n<p>Domaine <strong>mental<\/strong> avec les id\u00e9es, la raison, les convictions, les consid\u00e9rations, ainsi que le mode de pens\u00e9e et d\u2019action consciente :<\/p>\n<p><strong>Incite \u00e0 concr\u00e9tiser rapidement et r\u00e9solument des solutions pragmatiques.<\/strong><\/p>\n<p>Domaine <strong>physique<\/strong> ou corporel, l\u2019ensemble de l\u2019organisme avec les sens, les organes et les fonctions :<\/p>\n<p><strong>Utile en cas d\u2019\u00e9puisement, de troubles circulatoires et de manque de fer, stimule l\u2019h\u00e9matopo\u00ef\u00e8se et le transport de l\u2019oxyg\u00e8ne.<\/strong><\/p>\n<p><strong><em>La fleur de Lotus :<\/em><\/strong><br \/>\n<em>Dans le bouddhisme, la fleur de lotus symbolise la puret\u00e9 du corps et de l\u2019esprit. L\u2019eau boueuse qui accueille la plante est associ\u00e9e \u00e0 l\u2019attachement et aux d\u00e9sirs charnels, La fleur immacul\u00e9e qui fleurit sur l\u2019eau \u00e0 la recherche de lumi\u00e8re est la promesse de la puret\u00e9 et de l\u2019\u00e9l\u00e9vation spirituelle.<\/em><\/p>\n","protected":false},"excerpt":{"rendered":"<table>\n<tbody>\n<tr>\n<td style=\"texte-align: left; color: gray; border: none;\"><strong>Hors frais d&rsquo;exp\u00e9dition<\/strong><\/td>\n<\/tr>\n<tr>\n<td style=\"texte-align: left; color: gray; border: none;\"><strong>Bijoux confectionn\u00e9s sur-mesure, sur commande<br \/>Les couleurs et motifs des pierres varient d&rsquo;un bijou \u00e0 un autre<br \/>D\u00e9lai de confection environ 30 jours<\/strong><\/td>\n<\/tr>\n<tr>\n<td style=\"texte-align: left; color: blue; border: none;\"><a style=\"color: #a15fe2;\" href=\"https:\/\/lescreationsde.celineinmyworldmedium.com\/index.php\/mesurer-son-tour-de-poignet-pour-bracelets\/\" target=\"_blank\" rel=\"noopener\"><strong>Comment mesurer son tour de poignet<\/strong><\/a><\/td>\n<\/tr>\n<\/tbody>\n<\/table>\n","protected":false},"featured_media":2167,"comment_status":"open","ping_status":"closed","template":"","meta":[],"product_brand":[],"product_cat":[31,645],"product_tag":[152,106,42,44,38,47,43,41,40,39,23,25,810,36,34,26,37,35,16,24,45,17,33,32,647,27,22,28],"class_list":{"0":"post-2165","1":"product","2":"type-product","3":"status-publish","4":"has-post-thumbnail","6":"product_cat-bracelets","7":"product_cat-oeil-de-fer-pierres","8":"product_tag-amour","9":"product_tag-argent","10":"product_tag-bijou","11":"product_tag-bijou-energetique","12":"product_tag-bijoux","13":"product_tag-bijoux-anti-allergies","14":"product_tag-bijoux-energetiques","15":"product_tag-bijoux-fait-main","16":"product_tag-bijoux-personnalises","17":"product_tag-bijoux-sur-mesure","18":"product_tag-boucles-doreilles","19":"product_tag-bracelet","20":"product_tag-bracelet-de-cheville-pour-aider-a-depasser-les-difficultes-avec-fleur-de-lotus","21":"product_tag-bracelet-femme","22":"product_tag-bracelet-homme","23":"product_tag-bracelets","24":"product_tag-bracelets-femme","25":"product_tag-bracelets-homme","26":"product_tag-collier","27":"product_tag-collier-femme","28":"product_tag-collier-personnalise","29":"product_tag-colliers","30":"product_tag-energetique","31":"product_tag-lithotherapie","32":"product_tag-oeil-de-fer","33":"product_tag-pierre","34":"product_tag-pierre-semi-precieuse","35":"product_tag-pierres-naturelles","37":"first","38":"instock","39":"shipping-taxable","40":"purchasable","41":"product-type-variable"},"yoast_head":"<!-- This site is optimized with the Yoast SEO plugin v27.2 - https:\/\/yoast.com\/product\/yoast-seo-wordpress\/ -->\n<title>Bracelet de cheville pour aider \u00e0 d\u00e9passer les difficult\u00e9s, en Oeil de fer<\/title>\n<meta name=\"description\" content=\"Utile en cas d\u2019\u00e9puisement, de troubles circulatoires et de manque de fer, stimule l\u2019h\u00e9matopo\u00ef\u00e8se et le transport de l\u2019oxyg\u00e8ne.\" \/>\n<meta name=\"robots\" content=\"index, follow, max-snippet:-1, max-image-preview:large, max-video-preview:-1\" \/>\n<link rel=\"canonical\" href=\"https:\/\/lescreationsde.celineinmyworldmedium.com\/index.php\/produit\/bracelet-de-cheville-pour-aider-a-depasser-les-difficultes-en-oeil-de-fer-avec-fleurs-de-lotus\/\" \/>\n<meta property=\"og:locale\" content=\"fr_FR\" \/>\n<meta property=\"og:type\" content=\"article\" \/>\n<meta property=\"og:title\" content=\"Bracelet de cheville pour aider \u00e0 d\u00e9passer les difficult\u00e9s, en Oeil de fer\" \/>\n<meta property=\"og:description\" content=\"Utile en cas d\u2019\u00e9puisement, de troubles circulatoires et de manque de fer, stimule l\u2019h\u00e9matopo\u00ef\u00e8se et le transport de l\u2019oxyg\u00e8ne.\" \/>\n<meta property=\"og:url\" content=\"https:\/\/lescreationsde.celineinmyworldmedium.com\/index.php\/produit\/bracelet-de-cheville-pour-aider-a-depasser-les-difficultes-en-oeil-de-fer-avec-fleurs-de-lotus\/\" \/>\n<meta property=\"og:site_name\" content=\"Les cr\u00e9ations de C\u00e9line Inmyworld\" \/>\n<meta property=\"article:modified_time\" content=\"2024-03-10T22:52:05+00:00\" \/>\n<meta property=\"og:image\" content=\"https:\/\/lescreationsde.celineinmyworldmedium.com\/wp-content\/uploads\/2021\/06\/Bracelet_de_cheville_pour_aider_a_depasser_les_difficultes_en_Oeil-de-fer_avec_fleurs_de_Lotus.jpg\" \/>\n\t<meta property=\"og:image:width\" content=\"2048\" \/>\n\t<meta property=\"og:image:height\" content=\"2048\" \/>\n\t<meta property=\"og:image:type\" content=\"image\/jpeg\" \/>\n<meta name=\"twitter:card\" content=\"summary_large_image\" \/>\n<meta name=\"twitter:label1\" content=\"Dur\u00e9e de lecture estim\u00e9e\" \/>\n\t<meta name=\"twitter:data1\" content=\"1 minute\" \/>\n<script type=\"application\/ld+json\" class=\"yoast-schema-graph\">{\"@context\":\"https:\/\/schema.org\",\"@graph\":[{\"@type\":\"WebPage\",\"@id\":\"https:\/\/lescreationsde.celineinmyworldmedium.com\/index.php\/produit\/bracelet-de-cheville-pour-aider-a-depasser-les-difficultes-en-oeil-de-fer-avec-fleurs-de-lotus\/\",\"url\":\"https:\/\/lescreationsde.celineinmyworldmedium.com\/index.php\/produit\/bracelet-de-cheville-pour-aider-a-depasser-les-difficultes-en-oeil-de-fer-avec-fleurs-de-lotus\/\",\"name\":\"Bracelet de cheville pour aider \u00e0 d\u00e9passer les difficult\u00e9s, en Oeil de fer\",\"isPartOf\":{\"@id\":\"https:\/\/lescreationsde.celineinmyworldmedium.com\/#website\"},\"primaryImageOfPage\":{\"@id\":\"https:\/\/lescreationsde.celineinmyworldmedium.com\/index.php\/produit\/bracelet-de-cheville-pour-aider-a-depasser-les-difficultes-en-oeil-de-fer-avec-fleurs-de-lotus\/#primaryimage\"},\"image\":{\"@id\":\"https:\/\/lescreationsde.celineinmyworldmedium.com\/index.php\/produit\/bracelet-de-cheville-pour-aider-a-depasser-les-difficultes-en-oeil-de-fer-avec-fleurs-de-lotus\/#primaryimage\"},\"thumbnailUrl\":\"https:\/\/lescreationsde.celineinmyworldmedium.com\/wp-content\/uploads\/2021\/06\/Bracelet_de_cheville_pour_aider_a_depasser_les_difficultes_en_Oeil-de-fer_avec_fleurs_de_Lotus.jpg\",\"datePublished\":\"2021-06-13T19:50:31+00:00\",\"dateModified\":\"2024-03-10T22:52:05+00:00\",\"description\":\"Utile en cas d\u2019\u00e9puisement, de troubles circulatoires et de manque de fer, stimule l\u2019h\u00e9matopo\u00ef\u00e8se et le transport de l\u2019oxyg\u00e8ne.\",\"breadcrumb\":{\"@id\":\"https:\/\/lescreationsde.celineinmyworldmedium.com\/index.php\/produit\/bracelet-de-cheville-pour-aider-a-depasser-les-difficultes-en-oeil-de-fer-avec-fleurs-de-lotus\/#breadcrumb\"},\"inLanguage\":\"fr-FR\",\"potentialAction\":[{\"@type\":\"ReadAction\",\"target\":[\"https:\/\/lescreationsde.celineinmyworldmedium.com\/index.php\/produit\/bracelet-de-cheville-pour-aider-a-depasser-les-difficultes-en-oeil-de-fer-avec-fleurs-de-lotus\/\"]}]},{\"@type\":\"ImageObject\",\"inLanguage\":\"fr-FR\",\"@id\":\"https:\/\/lescreationsde.celineinmyworldmedium.com\/index.php\/produit\/bracelet-de-cheville-pour-aider-a-depasser-les-difficultes-en-oeil-de-fer-avec-fleurs-de-lotus\/#primaryimage\",\"url\":\"https:\/\/lescreationsde.celineinmyworldmedium.com\/wp-content\/uploads\/2021\/06\/Bracelet_de_cheville_pour_aider_a_depasser_les_difficultes_en_Oeil-de-fer_avec_fleurs_de_Lotus.jpg\",\"contentUrl\":\"https:\/\/lescreationsde.celineinmyworldmedium.com\/wp-content\/uploads\/2021\/06\/Bracelet_de_cheville_pour_aider_a_depasser_les_difficultes_en_Oeil-de-fer_avec_fleurs_de_Lotus.jpg\",\"width\":2048,\"height\":2048,\"caption\":\"Bracelet de cheville pour aider \u00e0 d\u00e9passer les difficult\u00e9s, en Oeil-de-fer avec fleurs de Lotus\"},{\"@type\":\"BreadcrumbList\",\"@id\":\"https:\/\/lescreationsde.celineinmyworldmedium.com\/index.php\/produit\/bracelet-de-cheville-pour-aider-a-depasser-les-difficultes-en-oeil-de-fer-avec-fleurs-de-lotus\/#breadcrumb\",\"itemListElement\":[{\"@type\":\"ListItem\",\"position\":1,\"name\":\"Accueil\",\"item\":\"https:\/\/lescreationsde.celineinmyworldmedium.com\/\"},{\"@type\":\"ListItem\",\"position\":2,\"name\":\"Produits\",\"item\":\"https:\/\/lescreationsde.celineinmyworldmedium.com\/index.php\/boutique\/\"},{\"@type\":\"ListItem\",\"position\":3,\"name\":\"Bracelet de cheville pour aider \u00e0 d\u00e9passer les difficult\u00e9s, en Oeil de fer avec fleurs de Lotus\"}]},{\"@type\":\"WebSite\",\"@id\":\"https:\/\/lescreationsde.celineinmyworldmedium.com\/#website\",\"url\":\"https:\/\/lescreationsde.celineinmyworldmedium.com\/\",\"name\":\"Les cr\u00e9ations de C\u00e9line Inmyworld\",\"description\":\"Cr\u00e9ation de bijoux personnalis\u00e9s, sur-mesure, en pierres semi-pr\u00e9cieuses de qualit\u00e9. Bracelets, boucles d&#039;oreilles, colliers, sautoirs, malas, cha\u00eenes de cheville, bagues...\u2764\",\"publisher\":{\"@id\":\"https:\/\/lescreationsde.celineinmyworldmedium.com\/#organization\"},\"potentialAction\":[{\"@type\":\"SearchAction\",\"target\":{\"@type\":\"EntryPoint\",\"urlTemplate\":\"https:\/\/lescreationsde.celineinmyworldmedium.com\/?s={search_term_string}\"},\"query-input\":{\"@type\":\"PropertyValueSpecification\",\"valueRequired\":true,\"valueName\":\"search_term_string\"}}],\"inLanguage\":\"fr-FR\"},{\"@type\":\"Organization\",\"@id\":\"https:\/\/lescreationsde.celineinmyworldmedium.com\/#organization\",\"name\":\"Les cr\u00e9ations de C\u00e9line Inmyworld\",\"url\":\"https:\/\/lescreationsde.celineinmyworldmedium.com\/\",\"logo\":{\"@type\":\"ImageObject\",\"inLanguage\":\"fr-FR\",\"@id\":\"https:\/\/lescreationsde.celineinmyworldmedium.com\/#\/schema\/logo\/image\/\",\"url\":\"https:\/\/lescreationsde.celineinmyworldmedium.com\/wp-content\/uploads\/2021\/03\/logo_creations3.png\",\"contentUrl\":\"https:\/\/lescreationsde.celineinmyworldmedium.com\/wp-content\/uploads\/2021\/03\/logo_creations3.png\",\"width\":613,\"height\":190,\"caption\":\"Les cr\u00e9ations de C\u00e9line Inmyworld\"},\"image\":{\"@id\":\"https:\/\/lescreationsde.celineinmyworldmedium.com\/#\/schema\/logo\/image\/\"}}]}<\/script>\n<!-- \/ Yoast SEO plugin. -->","yoast_head_json":{"title":"Bracelet de cheville pour aider \u00e0 d\u00e9passer les difficult\u00e9s, en Oeil de fer","description":"Utile en cas d\u2019\u00e9puisement, de troubles circulatoires et de manque de fer, stimule l\u2019h\u00e9matopo\u00ef\u00e8se et le transport de l\u2019oxyg\u00e8ne.","robots":{"index":"index","follow":"follow","max-snippet":"max-snippet:-1","max-image-preview":"max-image-preview:large","max-video-preview":"max-video-preview:-1"},"canonical":"https:\/\/lescreationsde.celineinmyworldmedium.com\/index.php\/produit\/bracelet-de-cheville-pour-aider-a-depasser-les-difficultes-en-oeil-de-fer-avec-fleurs-de-lotus\/","og_locale":"fr_FR","og_type":"article","og_title":"Bracelet de cheville pour aider \u00e0 d\u00e9passer les difficult\u00e9s, en Oeil de fer","og_description":"Utile en cas d\u2019\u00e9puisement, de troubles circulatoires et de manque de fer, stimule l\u2019h\u00e9matopo\u00ef\u00e8se et le transport de l\u2019oxyg\u00e8ne.","og_url":"https:\/\/lescreationsde.celineinmyworldmedium.com\/index.php\/produit\/bracelet-de-cheville-pour-aider-a-depasser-les-difficultes-en-oeil-de-fer-avec-fleurs-de-lotus\/","og_site_name":"Les cr\u00e9ations de C\u00e9line Inmyworld","article_modified_time":"2024-03-10T22:52:05+00:00","og_image":[{"width":2048,"height":2048,"url":"https:\/\/lescreationsde.celineinmyworldmedium.com\/wp-content\/uploads\/2021\/06\/Bracelet_de_cheville_pour_aider_a_depasser_les_difficultes_en_Oeil-de-fer_avec_fleurs_de_Lotus.jpg","type":"image\/jpeg"}],"twitter_card":"summary_large_image","twitter_misc":{"Dur\u00e9e de lecture estim\u00e9e":"1 minute"},"schema":{"@context":"https:\/\/schema.org","@graph":[{"@type":"WebPage","@id":"https:\/\/lescreationsde.celineinmyworldmedium.com\/index.php\/produit\/bracelet-de-cheville-pour-aider-a-depasser-les-difficultes-en-oeil-de-fer-avec-fleurs-de-lotus\/","url":"https:\/\/lescreationsde.celineinmyworldmedium.com\/index.php\/produit\/bracelet-de-cheville-pour-aider-a-depasser-les-difficultes-en-oeil-de-fer-avec-fleurs-de-lotus\/","name":"Bracelet de cheville pour aider \u00e0 d\u00e9passer les difficult\u00e9s, en Oeil de fer","isPartOf":{"@id":"https:\/\/lescreationsde.celineinmyworldmedium.com\/#website"},"primaryImageOfPage":{"@id":"https:\/\/lescreationsde.celineinmyworldmedium.com\/index.php\/produit\/bracelet-de-cheville-pour-aider-a-depasser-les-difficultes-en-oeil-de-fer-avec-fleurs-de-lotus\/#primaryimage"},"image":{"@id":"https:\/\/lescreationsde.celineinmyworldmedium.com\/index.php\/produit\/bracelet-de-cheville-pour-aider-a-depasser-les-difficultes-en-oeil-de-fer-avec-fleurs-de-lotus\/#primaryimage"},"thumbnailUrl":"https:\/\/lescreationsde.celineinmyworldmedium.com\/wp-content\/uploads\/2021\/06\/Bracelet_de_cheville_pour_aider_a_depasser_les_difficultes_en_Oeil-de-fer_avec_fleurs_de_Lotus.jpg","datePublished":"2021-06-13T19:50:31+00:00","dateModified":"2024-03-10T22:52:05+00:00","description":"Utile en cas d\u2019\u00e9puisement, de troubles circulatoires et de manque de fer, stimule l\u2019h\u00e9matopo\u00ef\u00e8se et le transport de l\u2019oxyg\u00e8ne.","breadcrumb":{"@id":"https:\/\/lescreationsde.celineinmyworldmedium.com\/index.php\/produit\/bracelet-de-cheville-pour-aider-a-depasser-les-difficultes-en-oeil-de-fer-avec-fleurs-de-lotus\/#breadcrumb"},"inLanguage":"fr-FR","potentialAction":[{"@type":"ReadAction","target":["https:\/\/lescreationsde.celineinmyworldmedium.com\/index.php\/produit\/bracelet-de-cheville-pour-aider-a-depasser-les-difficultes-en-oeil-de-fer-avec-fleurs-de-lotus\/"]}]},{"@type":"ImageObject","inLanguage":"fr-FR","@id":"https:\/\/lescreationsde.celineinmyworldmedium.com\/index.php\/produit\/bracelet-de-cheville-pour-aider-a-depasser-les-difficultes-en-oeil-de-fer-avec-fleurs-de-lotus\/#primaryimage","url":"https:\/\/lescreationsde.celineinmyworldmedium.com\/wp-content\/uploads\/2021\/06\/Bracelet_de_cheville_pour_aider_a_depasser_les_difficultes_en_Oeil-de-fer_avec_fleurs_de_Lotus.jpg","contentUrl":"https:\/\/lescreationsde.celineinmyworldmedium.com\/wp-content\/uploads\/2021\/06\/Bracelet_de_cheville_pour_aider_a_depasser_les_difficultes_en_Oeil-de-fer_avec_fleurs_de_Lotus.jpg","width":2048,"height":2048,"caption":"Bracelet de cheville pour aider \u00e0 d\u00e9passer les difficult\u00e9s, en Oeil-de-fer avec fleurs de Lotus"},{"@type":"BreadcrumbList","@id":"https:\/\/lescreationsde.celineinmyworldmedium.com\/index.php\/produit\/bracelet-de-cheville-pour-aider-a-depasser-les-difficultes-en-oeil-de-fer-avec-fleurs-de-lotus\/#breadcrumb","itemListElement":[{"@type":"ListItem","position":1,"name":"Accueil","item":"https:\/\/lescreationsde.celineinmyworldmedium.com\/"},{"@type":"ListItem","position":2,"name":"Produits","item":"https:\/\/lescreationsde.celineinmyworldmedium.com\/index.php\/boutique\/"},{"@type":"ListItem","position":3,"name":"Bracelet de cheville pour aider \u00e0 d\u00e9passer les difficult\u00e9s, en Oeil de fer avec fleurs de Lotus"}]},{"@type":"WebSite","@id":"https:\/\/lescreationsde.celineinmyworldmedium.com\/#website","url":"https:\/\/lescreationsde.celineinmyworldmedium.com\/","name":"Les cr\u00e9ations de C\u00e9line Inmyworld","description":"Cr\u00e9ation de bijoux personnalis\u00e9s, sur-mesure, en pierres semi-pr\u00e9cieuses de qualit\u00e9. Bracelets, boucles d&#039;oreilles, colliers, sautoirs, malas, cha\u00eenes de cheville, bagues...\u2764","publisher":{"@id":"https:\/\/lescreationsde.celineinmyworldmedium.com\/#organization"},"potentialAction":[{"@type":"SearchAction","target":{"@type":"EntryPoint","urlTemplate":"https:\/\/lescreationsde.celineinmyworldmedium.com\/?s={search_term_string}"},"query-input":{"@type":"PropertyValueSpecification","valueRequired":true,"valueName":"search_term_string"}}],"inLanguage":"fr-FR"},{"@type":"Organization","@id":"https:\/\/lescreationsde.celineinmyworldmedium.com\/#organization","name":"Les cr\u00e9ations de C\u00e9line Inmyworld","url":"https:\/\/lescreationsde.celineinmyworldmedium.com\/","logo":{"@type":"ImageObject","inLanguage":"fr-FR","@id":"https:\/\/lescreationsde.celineinmyworldmedium.com\/#\/schema\/logo\/image\/","url":"https:\/\/lescreationsde.celineinmyworldmedium.com\/wp-content\/uploads\/2021\/03\/logo_creations3.png","contentUrl":"https:\/\/lescreationsde.celineinmyworldmedium.com\/wp-content\/uploads\/2021\/03\/logo_creations3.png","width":613,"height":190,"caption":"Les cr\u00e9ations de C\u00e9line Inmyworld"},"image":{"@id":"https:\/\/lescreationsde.celineinmyworldmedium.com\/#\/schema\/logo\/image\/"}}]}},"jetpack_sharing_enabled":true,"_links":{"self":[{"href":"https:\/\/lescreationsde.celineinmyworldmedium.com\/index.php\/wp-json\/wp\/v2\/product\/2165","targetHints":{"allow":["GET"]}}],"collection":[{"href":"https:\/\/lescreationsde.celineinmyworldmedium.com\/index.php\/wp-json\/wp\/v2\/product"}],"about":[{"href":"https:\/\/lescreationsde.celineinmyworldmedium.com\/index.php\/wp-json\/wp\/v2\/types\/product"}],"replies":[{"embeddable":true,"href":"https:\/\/lescreationsde.celineinmyworldmedium.com\/index.php\/wp-json\/wp\/v2\/comments?post=2165"}],"wp:featuredmedia":[{"embeddable":true,"href":"https:\/\/lescreationsde.celineinmyworldmedium.com\/index.php\/wp-json\/wp\/v2\/media\/2167"}],"wp:attachment":[{"href":"https:\/\/lescreationsde.celineinmyworldmedium.com\/index.php\/wp-json\/wp\/v2\/media?parent=2165"}],"wp:term":[{"taxonomy":"product_brand","embeddable":true,"href":"https:\/\/lescreationsde.celineinmyworldmedium.com\/index.php\/wp-json\/wp\/v2\/product_brand?post=2165"},{"taxonomy":"product_cat","embeddable":true,"href":"https:\/\/lescreationsde.celineinmyworldmedium.com\/index.php\/wp-json\/wp\/v2\/product_cat?post=2165"},{"taxonomy":"product_tag","embeddable":true,"href":"https:\/\/lescreationsde.celineinmyworldmedium.com\/index.php\/wp-json\/wp\/v2\/product_tag?post=2165"}],"curies":[{"name":"wp","href":"https:\/\/api.w.org\/{rel}","templated":true}]}}