{"id":1964,"date":"2021-05-09T20:00:43","date_gmt":"2021-05-09T18:00:43","guid":{"rendered":"https:\/\/lescreationsde.celineinmyworldmedium.com\/?post_type=product&#038;p=1964"},"modified":"2024-03-10T23:53:19","modified_gmt":"2024-03-10T22:53:19","slug":"bracelet-en-charoite-pour-la-serenite-avec-symbole-du-chakra-du-coeur-et-pendentif-sorciere-avec-son-chaudron","status":"publish","type":"product","link":"https:\/\/lescreationsde.celineinmyworldmedium.com\/index.php\/produit\/bracelet-en-charoite-pour-la-serenite-avec-symbole-du-chakra-du-coeur-et-pendentif-sorciere-avec-son-chaudron\/","title":{"rendered":"Bracelet en Charo\u00efte pour la s\u00e9r\u00e9nit\u00e9, avec symbole du chakra du coeur et pendentif sorci\u00e8re avec son chaudron"},"content":{"rendered":"<h4>Les vertus de la charo\u00efte :<\/h4>\n<p>Domaine <strong>spirituel<\/strong>, celui de l\u2019\u00eatre humain avec ses intentions, ses buts ou ses pr\u00e9occupations existentielles :<\/p>\n<p><strong>R\u00e9solution, \u00e9nergie.<\/strong><\/p>\n<p>Domaine de <strong>l\u2019\u00e2me<\/strong> ou du subconscient, ainsi que les notions de temp\u00e9rament, de sentiments, de sensations, de r\u00eaves, de v\u00e9cu sur le plan animique, d\u2019habitudes et de r\u00e9actions inconscientes :<\/p>\n<p><strong>Rend serein, aide \u00e0 d\u00e9passer les contraintes et les r\u00e9sistances.<\/strong><\/p>\n<p>Domaine <strong>mental<\/strong> avec les id\u00e9es, la raison, les convictions, les consid\u00e9rations, ainsi que le mode de pens\u00e9e et d\u2019action consciente :<\/p>\n<p><strong>Aide \u00e0 prendre des d\u00e9cisions importantes et \u00e0 faire face \u00e0 une montagne de travail.<\/strong><\/p>\n<p>Domaine <strong>physique<\/strong> ou corporel, l\u2019ensemble de l\u2019organisme avec les sens, les organes et les fonctions :<\/p>\n<p><strong>Calme les nerfs, att\u00e9nue les douleurs et \u00e9limine les crampes.<\/strong><\/p>\n","protected":false},"excerpt":{"rendered":"<table>\n<tbody>\n<tr>\n<td style=\"texte-align: left; color: gray; border: none;\"><strong>Hors frais d&rsquo;exp\u00e9dition<\/strong><\/td>\n<\/tr>\n<tr>\n<td style=\"texte-align: left; color: gray; border: none;\"><strong>Bijoux confectionn\u00e9s sur-mesure, sur commande<br \/>Les couleurs et motifs des pierres varient d&rsquo;un bijou \u00e0 un autre<br \/>D\u00e9lai de confection environ 30 jours<\/strong><\/td>\n<\/tr>\n<tr>\n<td style=\"texte-align: left; color: blue; border: none;\"><a style=\"color: #a15fe2;\" href=\"https:\/\/lescreationsde.celineinmyworldmedium.com\/index.php\/mesurer-son-tour-de-poignet-pour-bracelets\/\" target=\"_blank\" rel=\"noopener\"><strong>Comment mesurer son tour de poignet<\/strong><\/a><\/td>\n<\/tr>\n<\/tbody>\n<\/table>\n","protected":false},"featured_media":1966,"comment_status":"open","ping_status":"closed","template":"","meta":[],"product_brand":[],"product_cat":[31,49],"product_tag":[152,106,42,44,38,47,43,41,40,39,23,25,36,34,753,26,37,35,250,16,24,45,17,33,32,27,22,28],"class_list":{"0":"post-1964","1":"product","2":"type-product","3":"status-publish","4":"has-post-thumbnail","6":"product_cat-bracelets","7":"product_cat-charoite","8":"product_tag-amour","9":"product_tag-argent","10":"product_tag-bijou","11":"product_tag-bijou-energetique","12":"product_tag-bijoux","13":"product_tag-bijoux-anti-allergies","14":"product_tag-bijoux-energetiques","15":"product_tag-bijoux-fait-main","16":"product_tag-bijoux-personnalises","17":"product_tag-bijoux-sur-mesure","18":"product_tag-boucles-doreilles","19":"product_tag-bracelet","20":"product_tag-bracelet-femme","21":"product_tag-bracelet-homme","22":"product_tag-bracelet-pour-la-serenite-avec-symbole-du-chakra-du-coeur-et-pendentif-sorciere","23":"product_tag-bracelets","24":"product_tag-bracelets-femme","25":"product_tag-bracelets-homme","26":"product_tag-charoite","27":"product_tag-collier","28":"product_tag-collier-femme","29":"product_tag-collier-personnalise","30":"product_tag-colliers","31":"product_tag-energetique","32":"product_tag-lithotherapie","33":"product_tag-pierre","34":"product_tag-pierre-semi-precieuse","35":"product_tag-pierres-naturelles","37":"first","38":"instock","39":"shipping-taxable","40":"purchasable","41":"product-type-variable"},"yoast_head":"<!-- This site is optimized with the Yoast SEO plugin v27.2 - https:\/\/yoast.com\/product\/yoast-seo-wordpress\/ -->\n<title>Bracelet en Charo\u00efte pour la s\u00e9r\u00e9nit\u00e9 avec symbole du chakra du coeur<\/title>\n<meta name=\"description\" content=\"Rend serein, aide \u00e0 d\u00e9passer les contraintes et les r\u00e9sistances. Calme les nerfs, att\u00e9nue les douleurs et \u00e9limine les crampes.\" \/>\n<meta name=\"robots\" content=\"index, follow, max-snippet:-1, max-image-preview:large, max-video-preview:-1\" \/>\n<link rel=\"canonical\" href=\"https:\/\/lescreationsde.celineinmyworldmedium.com\/index.php\/produit\/bracelet-en-charoite-pour-la-serenite-avec-symbole-du-chakra-du-coeur-et-pendentif-sorciere-avec-son-chaudron\/\" \/>\n<meta property=\"og:locale\" content=\"fr_FR\" \/>\n<meta property=\"og:type\" content=\"article\" \/>\n<meta property=\"og:title\" content=\"Bracelet en Charo\u00efte pour la s\u00e9r\u00e9nit\u00e9 avec symbole du chakra du coeur\" \/>\n<meta property=\"og:description\" content=\"Rend serein, aide \u00e0 d\u00e9passer les contraintes et les r\u00e9sistances. Calme les nerfs, att\u00e9nue les douleurs et \u00e9limine les crampes.\" \/>\n<meta property=\"og:url\" content=\"https:\/\/lescreationsde.celineinmyworldmedium.com\/index.php\/produit\/bracelet-en-charoite-pour-la-serenite-avec-symbole-du-chakra-du-coeur-et-pendentif-sorciere-avec-son-chaudron\/\" \/>\n<meta property=\"og:site_name\" content=\"Les cr\u00e9ations de C\u00e9line Inmyworld\" \/>\n<meta property=\"article:modified_time\" content=\"2024-03-10T22:53:19+00:00\" \/>\n<meta property=\"og:image\" content=\"https:\/\/lescreationsde.celineinmyworldmedium.com\/wp-content\/uploads\/2021\/05\/Bracelet_en_Charoite_pour_la_serenite_avec_symbole_du-chakra_du_coeur_et_pendentif_sorciere_avec_son_chaudron.jpg\" \/>\n\t<meta property=\"og:image:width\" content=\"1080\" \/>\n\t<meta property=\"og:image:height\" content=\"1141\" \/>\n\t<meta property=\"og:image:type\" content=\"image\/jpeg\" \/>\n<meta name=\"twitter:card\" content=\"summary_large_image\" \/>\n<meta name=\"twitter:label1\" content=\"Dur\u00e9e de lecture estim\u00e9e\" \/>\n\t<meta name=\"twitter:data1\" content=\"1 minute\" \/>\n<script type=\"application\/ld+json\" class=\"yoast-schema-graph\">{\"@context\":\"https:\/\/schema.org\",\"@graph\":[{\"@type\":\"WebPage\",\"@id\":\"https:\/\/lescreationsde.celineinmyworldmedium.com\/index.php\/produit\/bracelet-en-charoite-pour-la-serenite-avec-symbole-du-chakra-du-coeur-et-pendentif-sorciere-avec-son-chaudron\/\",\"url\":\"https:\/\/lescreationsde.celineinmyworldmedium.com\/index.php\/produit\/bracelet-en-charoite-pour-la-serenite-avec-symbole-du-chakra-du-coeur-et-pendentif-sorciere-avec-son-chaudron\/\",\"name\":\"Bracelet en Charo\u00efte pour la s\u00e9r\u00e9nit\u00e9 avec symbole du chakra du coeur\",\"isPartOf\":{\"@id\":\"https:\/\/lescreationsde.celineinmyworldmedium.com\/#website\"},\"primaryImageOfPage\":{\"@id\":\"https:\/\/lescreationsde.celineinmyworldmedium.com\/index.php\/produit\/bracelet-en-charoite-pour-la-serenite-avec-symbole-du-chakra-du-coeur-et-pendentif-sorciere-avec-son-chaudron\/#primaryimage\"},\"image\":{\"@id\":\"https:\/\/lescreationsde.celineinmyworldmedium.com\/index.php\/produit\/bracelet-en-charoite-pour-la-serenite-avec-symbole-du-chakra-du-coeur-et-pendentif-sorciere-avec-son-chaudron\/#primaryimage\"},\"thumbnailUrl\":\"https:\/\/lescreationsde.celineinmyworldmedium.com\/wp-content\/uploads\/2021\/05\/Bracelet_en_Charoite_pour_la_serenite_avec_symbole_du-chakra_du_coeur_et_pendentif_sorciere_avec_son_chaudron.jpg\",\"datePublished\":\"2021-05-09T18:00:43+00:00\",\"dateModified\":\"2024-03-10T22:53:19+00:00\",\"description\":\"Rend serein, aide \u00e0 d\u00e9passer les contraintes et les r\u00e9sistances. Calme les nerfs, att\u00e9nue les douleurs et \u00e9limine les crampes.\",\"breadcrumb\":{\"@id\":\"https:\/\/lescreationsde.celineinmyworldmedium.com\/index.php\/produit\/bracelet-en-charoite-pour-la-serenite-avec-symbole-du-chakra-du-coeur-et-pendentif-sorciere-avec-son-chaudron\/#breadcrumb\"},\"inLanguage\":\"fr-FR\",\"potentialAction\":[{\"@type\":\"ReadAction\",\"target\":[\"https:\/\/lescreationsde.celineinmyworldmedium.com\/index.php\/produit\/bracelet-en-charoite-pour-la-serenite-avec-symbole-du-chakra-du-coeur-et-pendentif-sorciere-avec-son-chaudron\/\"]}]},{\"@type\":\"ImageObject\",\"inLanguage\":\"fr-FR\",\"@id\":\"https:\/\/lescreationsde.celineinmyworldmedium.com\/index.php\/produit\/bracelet-en-charoite-pour-la-serenite-avec-symbole-du-chakra-du-coeur-et-pendentif-sorciere-avec-son-chaudron\/#primaryimage\",\"url\":\"https:\/\/lescreationsde.celineinmyworldmedium.com\/wp-content\/uploads\/2021\/05\/Bracelet_en_Charoite_pour_la_serenite_avec_symbole_du-chakra_du_coeur_et_pendentif_sorciere_avec_son_chaudron.jpg\",\"contentUrl\":\"https:\/\/lescreationsde.celineinmyworldmedium.com\/wp-content\/uploads\/2021\/05\/Bracelet_en_Charoite_pour_la_serenite_avec_symbole_du-chakra_du_coeur_et_pendentif_sorciere_avec_son_chaudron.jpg\",\"width\":1080,\"height\":1141,\"caption\":\"Bracelet en Charo\u00efte pour la s\u00e9r\u00e9nit\u00e9, avec symbole du chakra du coeur et pendentif sorci\u00e8re avec son chaudron\"},{\"@type\":\"BreadcrumbList\",\"@id\":\"https:\/\/lescreationsde.celineinmyworldmedium.com\/index.php\/produit\/bracelet-en-charoite-pour-la-serenite-avec-symbole-du-chakra-du-coeur-et-pendentif-sorciere-avec-son-chaudron\/#breadcrumb\",\"itemListElement\":[{\"@type\":\"ListItem\",\"position\":1,\"name\":\"Accueil\",\"item\":\"https:\/\/lescreationsde.celineinmyworldmedium.com\/\"},{\"@type\":\"ListItem\",\"position\":2,\"name\":\"Produits\",\"item\":\"https:\/\/lescreationsde.celineinmyworldmedium.com\/index.php\/boutique\/\"},{\"@type\":\"ListItem\",\"position\":3,\"name\":\"Bracelet en Charo\u00efte pour la s\u00e9r\u00e9nit\u00e9, avec symbole du chakra du coeur et pendentif sorci\u00e8re avec son chaudron\"}]},{\"@type\":\"WebSite\",\"@id\":\"https:\/\/lescreationsde.celineinmyworldmedium.com\/#website\",\"url\":\"https:\/\/lescreationsde.celineinmyworldmedium.com\/\",\"name\":\"Les cr\u00e9ations de C\u00e9line Inmyworld\",\"description\":\"Cr\u00e9ation de bijoux personnalis\u00e9s, sur-mesure, en pierres semi-pr\u00e9cieuses de qualit\u00e9. Bracelets, boucles d&#039;oreilles, colliers, sautoirs, malas, cha\u00eenes de cheville, bagues...\u2764\",\"publisher\":{\"@id\":\"https:\/\/lescreationsde.celineinmyworldmedium.com\/#organization\"},\"potentialAction\":[{\"@type\":\"SearchAction\",\"target\":{\"@type\":\"EntryPoint\",\"urlTemplate\":\"https:\/\/lescreationsde.celineinmyworldmedium.com\/?s={search_term_string}\"},\"query-input\":{\"@type\":\"PropertyValueSpecification\",\"valueRequired\":true,\"valueName\":\"search_term_string\"}}],\"inLanguage\":\"fr-FR\"},{\"@type\":\"Organization\",\"@id\":\"https:\/\/lescreationsde.celineinmyworldmedium.com\/#organization\",\"name\":\"Les cr\u00e9ations de C\u00e9line Inmyworld\",\"url\":\"https:\/\/lescreationsde.celineinmyworldmedium.com\/\",\"logo\":{\"@type\":\"ImageObject\",\"inLanguage\":\"fr-FR\",\"@id\":\"https:\/\/lescreationsde.celineinmyworldmedium.com\/#\/schema\/logo\/image\/\",\"url\":\"https:\/\/lescreationsde.celineinmyworldmedium.com\/wp-content\/uploads\/2021\/03\/logo_creations3.png\",\"contentUrl\":\"https:\/\/lescreationsde.celineinmyworldmedium.com\/wp-content\/uploads\/2021\/03\/logo_creations3.png\",\"width\":613,\"height\":190,\"caption\":\"Les cr\u00e9ations de C\u00e9line Inmyworld\"},\"image\":{\"@id\":\"https:\/\/lescreationsde.celineinmyworldmedium.com\/#\/schema\/logo\/image\/\"}}]}<\/script>\n<!-- \/ Yoast SEO plugin. -->","yoast_head_json":{"title":"Bracelet en Charo\u00efte pour la s\u00e9r\u00e9nit\u00e9 avec symbole du chakra du coeur","description":"Rend serein, aide \u00e0 d\u00e9passer les contraintes et les r\u00e9sistances. Calme les nerfs, att\u00e9nue les douleurs et \u00e9limine les crampes.","robots":{"index":"index","follow":"follow","max-snippet":"max-snippet:-1","max-image-preview":"max-image-preview:large","max-video-preview":"max-video-preview:-1"},"canonical":"https:\/\/lescreationsde.celineinmyworldmedium.com\/index.php\/produit\/bracelet-en-charoite-pour-la-serenite-avec-symbole-du-chakra-du-coeur-et-pendentif-sorciere-avec-son-chaudron\/","og_locale":"fr_FR","og_type":"article","og_title":"Bracelet en Charo\u00efte pour la s\u00e9r\u00e9nit\u00e9 avec symbole du chakra du coeur","og_description":"Rend serein, aide \u00e0 d\u00e9passer les contraintes et les r\u00e9sistances. Calme les nerfs, att\u00e9nue les douleurs et \u00e9limine les crampes.","og_url":"https:\/\/lescreationsde.celineinmyworldmedium.com\/index.php\/produit\/bracelet-en-charoite-pour-la-serenite-avec-symbole-du-chakra-du-coeur-et-pendentif-sorciere-avec-son-chaudron\/","og_site_name":"Les cr\u00e9ations de C\u00e9line Inmyworld","article_modified_time":"2024-03-10T22:53:19+00:00","og_image":[{"width":1080,"height":1141,"url":"https:\/\/lescreationsde.celineinmyworldmedium.com\/wp-content\/uploads\/2021\/05\/Bracelet_en_Charoite_pour_la_serenite_avec_symbole_du-chakra_du_coeur_et_pendentif_sorciere_avec_son_chaudron.jpg","type":"image\/jpeg"}],"twitter_card":"summary_large_image","twitter_misc":{"Dur\u00e9e de lecture estim\u00e9e":"1 minute"},"schema":{"@context":"https:\/\/schema.org","@graph":[{"@type":"WebPage","@id":"https:\/\/lescreationsde.celineinmyworldmedium.com\/index.php\/produit\/bracelet-en-charoite-pour-la-serenite-avec-symbole-du-chakra-du-coeur-et-pendentif-sorciere-avec-son-chaudron\/","url":"https:\/\/lescreationsde.celineinmyworldmedium.com\/index.php\/produit\/bracelet-en-charoite-pour-la-serenite-avec-symbole-du-chakra-du-coeur-et-pendentif-sorciere-avec-son-chaudron\/","name":"Bracelet en Charo\u00efte pour la s\u00e9r\u00e9nit\u00e9 avec symbole du chakra du coeur","isPartOf":{"@id":"https:\/\/lescreationsde.celineinmyworldmedium.com\/#website"},"primaryImageOfPage":{"@id":"https:\/\/lescreationsde.celineinmyworldmedium.com\/index.php\/produit\/bracelet-en-charoite-pour-la-serenite-avec-symbole-du-chakra-du-coeur-et-pendentif-sorciere-avec-son-chaudron\/#primaryimage"},"image":{"@id":"https:\/\/lescreationsde.celineinmyworldmedium.com\/index.php\/produit\/bracelet-en-charoite-pour-la-serenite-avec-symbole-du-chakra-du-coeur-et-pendentif-sorciere-avec-son-chaudron\/#primaryimage"},"thumbnailUrl":"https:\/\/lescreationsde.celineinmyworldmedium.com\/wp-content\/uploads\/2021\/05\/Bracelet_en_Charoite_pour_la_serenite_avec_symbole_du-chakra_du_coeur_et_pendentif_sorciere_avec_son_chaudron.jpg","datePublished":"2021-05-09T18:00:43+00:00","dateModified":"2024-03-10T22:53:19+00:00","description":"Rend serein, aide \u00e0 d\u00e9passer les contraintes et les r\u00e9sistances. Calme les nerfs, att\u00e9nue les douleurs et \u00e9limine les crampes.","breadcrumb":{"@id":"https:\/\/lescreationsde.celineinmyworldmedium.com\/index.php\/produit\/bracelet-en-charoite-pour-la-serenite-avec-symbole-du-chakra-du-coeur-et-pendentif-sorciere-avec-son-chaudron\/#breadcrumb"},"inLanguage":"fr-FR","potentialAction":[{"@type":"ReadAction","target":["https:\/\/lescreationsde.celineinmyworldmedium.com\/index.php\/produit\/bracelet-en-charoite-pour-la-serenite-avec-symbole-du-chakra-du-coeur-et-pendentif-sorciere-avec-son-chaudron\/"]}]},{"@type":"ImageObject","inLanguage":"fr-FR","@id":"https:\/\/lescreationsde.celineinmyworldmedium.com\/index.php\/produit\/bracelet-en-charoite-pour-la-serenite-avec-symbole-du-chakra-du-coeur-et-pendentif-sorciere-avec-son-chaudron\/#primaryimage","url":"https:\/\/lescreationsde.celineinmyworldmedium.com\/wp-content\/uploads\/2021\/05\/Bracelet_en_Charoite_pour_la_serenite_avec_symbole_du-chakra_du_coeur_et_pendentif_sorciere_avec_son_chaudron.jpg","contentUrl":"https:\/\/lescreationsde.celineinmyworldmedium.com\/wp-content\/uploads\/2021\/05\/Bracelet_en_Charoite_pour_la_serenite_avec_symbole_du-chakra_du_coeur_et_pendentif_sorciere_avec_son_chaudron.jpg","width":1080,"height":1141,"caption":"Bracelet en Charo\u00efte pour la s\u00e9r\u00e9nit\u00e9, avec symbole du chakra du coeur et pendentif sorci\u00e8re avec son chaudron"},{"@type":"BreadcrumbList","@id":"https:\/\/lescreationsde.celineinmyworldmedium.com\/index.php\/produit\/bracelet-en-charoite-pour-la-serenite-avec-symbole-du-chakra-du-coeur-et-pendentif-sorciere-avec-son-chaudron\/#breadcrumb","itemListElement":[{"@type":"ListItem","position":1,"name":"Accueil","item":"https:\/\/lescreationsde.celineinmyworldmedium.com\/"},{"@type":"ListItem","position":2,"name":"Produits","item":"https:\/\/lescreationsde.celineinmyworldmedium.com\/index.php\/boutique\/"},{"@type":"ListItem","position":3,"name":"Bracelet en Charo\u00efte pour la s\u00e9r\u00e9nit\u00e9, avec symbole du chakra du coeur et pendentif sorci\u00e8re avec son chaudron"}]},{"@type":"WebSite","@id":"https:\/\/lescreationsde.celineinmyworldmedium.com\/#website","url":"https:\/\/lescreationsde.celineinmyworldmedium.com\/","name":"Les cr\u00e9ations de C\u00e9line Inmyworld","description":"Cr\u00e9ation de bijoux personnalis\u00e9s, sur-mesure, en pierres semi-pr\u00e9cieuses de qualit\u00e9. Bracelets, boucles d&#039;oreilles, colliers, sautoirs, malas, cha\u00eenes de cheville, bagues...\u2764","publisher":{"@id":"https:\/\/lescreationsde.celineinmyworldmedium.com\/#organization"},"potentialAction":[{"@type":"SearchAction","target":{"@type":"EntryPoint","urlTemplate":"https:\/\/lescreationsde.celineinmyworldmedium.com\/?s={search_term_string}"},"query-input":{"@type":"PropertyValueSpecification","valueRequired":true,"valueName":"search_term_string"}}],"inLanguage":"fr-FR"},{"@type":"Organization","@id":"https:\/\/lescreationsde.celineinmyworldmedium.com\/#organization","name":"Les cr\u00e9ations de C\u00e9line Inmyworld","url":"https:\/\/lescreationsde.celineinmyworldmedium.com\/","logo":{"@type":"ImageObject","inLanguage":"fr-FR","@id":"https:\/\/lescreationsde.celineinmyworldmedium.com\/#\/schema\/logo\/image\/","url":"https:\/\/lescreationsde.celineinmyworldmedium.com\/wp-content\/uploads\/2021\/03\/logo_creations3.png","contentUrl":"https:\/\/lescreationsde.celineinmyworldmedium.com\/wp-content\/uploads\/2021\/03\/logo_creations3.png","width":613,"height":190,"caption":"Les cr\u00e9ations de C\u00e9line Inmyworld"},"image":{"@id":"https:\/\/lescreationsde.celineinmyworldmedium.com\/#\/schema\/logo\/image\/"}}]}},"jetpack_sharing_enabled":true,"_links":{"self":[{"href":"https:\/\/lescreationsde.celineinmyworldmedium.com\/index.php\/wp-json\/wp\/v2\/product\/1964","targetHints":{"allow":["GET"]}}],"collection":[{"href":"https:\/\/lescreationsde.celineinmyworldmedium.com\/index.php\/wp-json\/wp\/v2\/product"}],"about":[{"href":"https:\/\/lescreationsde.celineinmyworldmedium.com\/index.php\/wp-json\/wp\/v2\/types\/product"}],"replies":[{"embeddable":true,"href":"https:\/\/lescreationsde.celineinmyworldmedium.com\/index.php\/wp-json\/wp\/v2\/comments?post=1964"}],"wp:featuredmedia":[{"embeddable":true,"href":"https:\/\/lescreationsde.celineinmyworldmedium.com\/index.php\/wp-json\/wp\/v2\/media\/1966"}],"wp:attachment":[{"href":"https:\/\/lescreationsde.celineinmyworldmedium.com\/index.php\/wp-json\/wp\/v2\/media?parent=1964"}],"wp:term":[{"taxonomy":"product_brand","embeddable":true,"href":"https:\/\/lescreationsde.celineinmyworldmedium.com\/index.php\/wp-json\/wp\/v2\/product_brand?post=1964"},{"taxonomy":"product_cat","embeddable":true,"href":"https:\/\/lescreationsde.celineinmyworldmedium.com\/index.php\/wp-json\/wp\/v2\/product_cat?post=1964"},{"taxonomy":"product_tag","embeddable":true,"href":"https:\/\/lescreationsde.celineinmyworldmedium.com\/index.php\/wp-json\/wp\/v2\/product_tag?post=1964"}],"curies":[{"name":"wp","href":"https:\/\/api.w.org\/{rel}","templated":true}]}}